Last updated on 2024-07-01 03:49:14 CEST.
Flavor | Version | Tinstall | Tcheck | Ttotal | Status | Flags |
---|---|---|---|---|---|---|
r-devel-linux-x86_64-debian-clang | 1.1.0 | 5.24 | 55.18 | 60.42 | OK | |
r-devel-linux-x86_64-debian-gcc | 1.1.0 | 5.25 | 41.22 | 46.47 | OK | |
r-devel-linux-x86_64-fedora-clang | 1.1.0 | 78.66 | NOTE | |||
r-devel-linux-x86_64-fedora-gcc | 1.1.0 | 74.47 | NOTE | |||
r-devel-windows-x86_64 | 1.1.0 | 7.00 | 62.00 | 69.00 | OK | |
r-patched-linux-x86_64 | 1.1.0 | 5.25 | 52.04 | 57.29 | OK | |
r-release-linux-x86_64 | 1.1.0 | 6.09 | 52.42 | 58.51 | OK | |
r-release-macos-arm64 | 1.1.0 | 38.00 | OK | |||
r-release-macos-x86_64 | 1.1.0 | 69.00 | OK | |||
r-release-windows-x86_64 | 1.1.0 | 7.00 | 62.00 | 69.00 | OK | |
r-oldrel-macos-arm64 | 1.1.0 | 36.00 | OK | |||
r-oldrel-macos-x86_64 | 1.1.0 | 58.00 | OK | |||
r-oldrel-windows-x86_64 | 1.1.0 | 8.00 | 71.00 | 79.00 | OK |
Version: 1.1.0
Check: data for non-ASCII characters
Result: NOTE
Note: found 606 marked UTF-8 strings
Flavors: r-devel-linux-x86_64-fedora-clang, r-devel-linux-x86_64-fedora-gcc