Last updated on 2024-07-01 03:49:14 CEST.
Flavor | Version | Tinstall | Tcheck | Ttotal | Status | Flags |
---|---|---|---|---|---|---|
r-devel-linux-x86_64-debian-clang | 0.2.1 | 3.98 | 94.77 | 98.75 | OK | |
r-devel-linux-x86_64-debian-gcc | 0.2.1 | 3.90 | 68.09 | 71.99 | OK | |
r-devel-linux-x86_64-fedora-clang | 0.2.1 | 130.15 | NOTE | |||
r-devel-linux-x86_64-fedora-gcc | 0.2.1 | 128.30 | OK | |||
r-devel-windows-x86_64 | 0.2.1 | 7.00 | 80.00 | 87.00 | OK | |
r-patched-linux-x86_64 | 0.2.0 | 4.13 | 89.99 | 94.12 | OK | |
r-release-linux-x86_64 | 0.2.1 | 4.26 | 87.42 | 91.68 | OK | |
r-release-macos-arm64 | 0.2.1 | 46.00 | OK | |||
r-release-macos-x86_64 | 0.2.1 | 104.00 | OK | |||
r-release-windows-x86_64 | 0.2.1 | 5.00 | 83.00 | 88.00 | OK | |
r-oldrel-macos-arm64 | 0.2.1 | 199.00 | OK | |||
r-oldrel-macos-x86_64 | 0.2.1 | 240.00 | OK | |||
r-oldrel-windows-x86_64 | 0.2.1 | 7.00 | 99.00 | 106.00 | OK |
Version: 0.2.1
Check: Rd cross-references
Result: NOTE
Undeclared package ‘future’ in Rd xrefs
Flavor: r-devel-linux-x86_64-fedora-clang