Last updated on 2024-07-01 03:49:14 CEST.
Flavor | Version | Tinstall | Tcheck | Ttotal | Status | Flags |
---|---|---|---|---|---|---|
r-devel-linux-x86_64-debian-clang | 1.0.0 | 9.77 | 110.27 | 120.04 | OK | |
r-devel-linux-x86_64-debian-gcc | 1.0.0 | 6.40 | 82.29 | 88.69 | OK | |
r-devel-linux-x86_64-fedora-clang | 1.0.0 | 148.01 | NOTE | |||
r-devel-linux-x86_64-fedora-gcc | 1.0.0 | 154.47 | NOTE | |||
r-devel-windows-x86_64 | 1.0.0 | 9.00 | 99.00 | 108.00 | OK | |
r-patched-linux-x86_64 | 1.0.0 | 6.38 | 106.47 | 112.85 | OK | |
r-release-linux-x86_64 | 1.0.0 | 6.82 | 107.19 | 114.01 | OK | |
r-release-macos-arm64 | 1.0.0 | 52.00 | OK | |||
r-release-macos-x86_64 | 1.0.0 | 71.00 | OK | |||
r-release-windows-x86_64 | 1.0.0 | 9.00 | 99.00 | 108.00 | OK | |
r-oldrel-macos-arm64 | 1.0.0 | 49.00 | OK | |||
r-oldrel-macos-x86_64 | 1.0.0 | 81.00 | OK | |||
r-oldrel-windows-x86_64 | 1.0.0 | 10.00 | 119.00 | 129.00 | OK |
Version: 1.0.0
Check: dependencies in R code
Result: NOTE
Namespace in Imports field not imported from: ‘Rcpp’
All declared Imports should be used.
Flavors: r-devel-linux-x86_64-fedora-clang, r-devel-linux-x86_64-fedora-gcc