Last updated on 2024-07-01 03:49:14 CEST.
Flavor | Version | Tinstall | Tcheck | Ttotal | Status | Flags |
---|---|---|---|---|---|---|
r-devel-linux-x86_64-debian-clang | 0.7-3 | 339.21 | 176.59 | 515.80 | OK | |
r-devel-linux-x86_64-debian-gcc | 0.7-3 | 207.54 | 128.39 | 335.93 | OK | |
r-devel-linux-x86_64-fedora-clang | 0.7-3 | 802.47 | OK | |||
r-devel-linux-x86_64-fedora-gcc | 0.7-3 | 775.08 | OK | |||
r-devel-windows-x86_64 | 0.7-3 | 253.00 | 168.00 | 421.00 | OK | |
r-patched-linux-x86_64 | 0.7-3 | 260.06 | 172.42 | 432.48 | OK | |
r-release-linux-x86_64 | 0.7-3 | 269.16 | 172.31 | 441.47 | OK | |
r-release-macos-arm64 | 0.7-3 | 125.00 | NOTE | |||
r-release-macos-x86_64 | 0.7-3 | 168.00 | NOTE | |||
r-release-windows-x86_64 | 0.7-3 | 249.00 | 173.00 | 422.00 | OK | |
r-oldrel-macos-arm64 | 0.7-3 | 138.00 | NOTE | |||
r-oldrel-macos-x86_64 | 0.7-3 | 247.00 | NOTE | |||
r-oldrel-windows-x86_64 | 0.7-3 | 313.00 | 206.00 | 519.00 | OK |
Version: 0.7-3
Check: installed package size
Result: NOTE
installed size is 5.3Mb
sub-directories of 1Mb or more:
libs 4.8Mb
Flavors: r-release-macos-arm64, r-release-macos-x86_64, r-oldrel-macos-arm64, r-oldrel-macos-x86_64