Last updated on 2024-07-01 03:49:14 CEST.
Flavor | Version | Tinstall | Tcheck | Ttotal | Status | Flags |
---|---|---|---|---|---|---|
r-devel-linux-x86_64-debian-clang | 0.9.17 | 27.05 | 70.79 | 97.84 | NOTE | |
r-devel-linux-x86_64-debian-gcc | 0.9.17 | 23.18 | 50.58 | 73.76 | NOTE | |
r-devel-linux-x86_64-fedora-clang | 0.9.17 | 137.97 | NOTE | |||
r-devel-linux-x86_64-fedora-gcc | 0.9.17 | 144.54 | NOTE | |||
r-devel-windows-x86_64 | 0.9.17 | 28.00 | 92.00 | 120.00 | NOTE | |
r-patched-linux-x86_64 | 0.9.17 | 28.16 | 64.90 | 93.06 | NOTE | |
r-release-linux-x86_64 | 0.9.17 | 27.60 | 63.58 | 91.18 | NOTE | |
r-release-macos-arm64 | 0.9.17 | 60.00 | NOTE | |||
r-release-macos-x86_64 | 0.9.17 | 75.00 | NOTE | |||
r-release-windows-x86_64 | 0.9.17 | 27.00 | 88.00 | 115.00 | NOTE | |
r-oldrel-macos-arm64 | 0.9.17 | 52.00 | NOTE | |||
r-oldrel-macos-x86_64 | 0.9.17 | 109.00 | NOTE | |||
r-oldrel-windows-x86_64 | 0.9.17 | 34.00 | 104.00 | 138.00 | NOTE |
Version: 0.9.17
Check: for GNU extensions in Makefiles
Result: NOTE
GNU make is a SystemRequirements.
Flavors: r-devel-linux-x86_64-debian-clang, r-devel-linux-x86_64-debian-gcc, r-devel-linux-x86_64-fedora-clang, r-devel-linux-x86_64-fedora-gcc, r-devel-windows-x86_64, r-patched-linux-x86_64, r-release-linux-x86_64, r-release-macos-arm64, r-release-macos-x86_64, r-release-windows-x86_64, r-oldrel-macos-arm64, r-oldrel-macos-x86_64, r-oldrel-windows-x86_64
Version: 0.9.17
Check: compiled code
Result: NOTE
File ‘rolog/libs/rolog.so’:
Found non-API call to R: ‘SET_TYPEOF’
Compiled code should not call non-API entry points in R.
See ‘Writing portable packages’ in the ‘Writing R Extensions’ manual.
See section ‘Moving into C API compliance’ in the ‘Writing R
Extensions’ manual for issues with use of non-API entry points.
Flavors: r-devel-linux-x86_64-debian-clang, r-devel-linux-x86_64-debian-gcc, r-devel-linux-x86_64-fedora-gcc
Version: 0.9.17
Check: compiled code
Result: NOTE
File ‘rolog/libs/rolog.so’:
Found non-API call to R: ‘SET_TYPEOF’
Compiled code should not call non-API entry points in R.
See ‘Writing portable packages’ in the ‘Writing R Extensions’ manual,
and section ‘Moving into C API compliance’ for issues with the use of
non-API entry points.
Flavor: r-devel-linux-x86_64-fedora-clang
Version: 0.9.17
Check: compiled code
Result: NOTE
File 'rolog/libs/x64/rolog.dll':
Found non-API call to R: 'SET_TYPEOF'
Compiled code should not call non-API entry points in R.
See 'Writing portable packages' in the 'Writing R Extensions' manual.
See section 'Moving into C API compliance' in the 'Writing R
Extensions' manual for issues with use of non-API entry points.
Flavor: r-devel-windows-x86_64