Last updated on 2024-07-01 03:49:14 CEST.
Flavor | Version | Tinstall | Tcheck | Ttotal | Status | Flags |
---|---|---|---|---|---|---|
r-devel-linux-x86_64-debian-clang | 1.1.7 | 66.16 | 33.02 | 99.18 | NOTE | |
r-devel-linux-x86_64-debian-gcc | 1.1.7 | 49.93 | 25.77 | 75.70 | NOTE | |
r-devel-linux-x86_64-fedora-clang | 1.1.7 | 131.83 | NOTE | |||
r-devel-linux-x86_64-fedora-gcc | 1.1.7 | 157.82 | NOTE | |||
r-devel-windows-x86_64 | 1.1.7 | 61.00 | 76.00 | 137.00 | NOTE | |
r-patched-linux-x86_64 | 1.1.7 | 59.65 | 31.96 | 91.61 | NOTE | |
r-release-linux-x86_64 | 1.1.7 | 61.03 | 31.65 | 92.68 | NOTE | |
r-release-macos-arm64 | 1.1.7 | 37.00 | NOTE | |||
r-release-macos-x86_64 | 1.1.7 | 51.00 | NOTE | |||
r-release-windows-x86_64 | 1.1.7 | 57.00 | 72.00 | 129.00 | NOTE | |
r-oldrel-macos-arm64 | 1.1.7 | 40.00 | NOTE | |||
r-oldrel-macos-x86_64 | 1.1.7 | 88.00 | NOTE | |||
r-oldrel-windows-x86_64 | 1.1.7 | 69.00 | 81.00 | 150.00 | NOTE |
Version: 1.1.7
Check: for GNU extensions in Makefiles
Result: NOTE
GNU make is a SystemRequirements.
Flavors: r-devel-linux-x86_64-debian-clang, r-devel-linux-x86_64-debian-gcc, r-devel-linux-x86_64-fedora-clang, r-devel-linux-x86_64-fedora-gcc, r-devel-windows-x86_64, r-patched-linux-x86_64, r-release-linux-x86_64, r-release-macos-arm64, r-release-macos-x86_64, r-release-windows-x86_64, r-oldrel-macos-arm64, r-oldrel-macos-x86_64, r-oldrel-windows-x86_64
Version: 1.1.7
Check: installed package size
Result: NOTE
installed size is 6.1Mb
sub-directories of 1Mb or more:
libs 5.5Mb
Flavors: r-release-macos-arm64, r-release-macos-x86_64, r-oldrel-macos-arm64, r-oldrel-macos-x86_64