Last updated on 2024-07-01 03:49:14 CEST.
Flavor | Version | Tinstall | Tcheck | Ttotal | Status | Flags |
---|---|---|---|---|---|---|
r-devel-linux-x86_64-debian-clang | 1.1.9 | 51.01 | 45.94 | 96.95 | OK | |
r-devel-linux-x86_64-debian-gcc | 1.1.9 | 33.98 | 36.23 | 70.21 | OK | |
r-devel-linux-x86_64-fedora-clang | 1.1.9 | 136.86 | OK | |||
r-devel-linux-x86_64-fedora-gcc | 1.1.9 | 148.65 | OK | |||
r-devel-windows-x86_64 | 1.1.9 | 38.00 | 84.00 | 122.00 | OK | |
r-patched-linux-x86_64 | 1.1.9 | 42.25 | 44.78 | 87.03 | OK | |
r-release-linux-x86_64 | 1.1.9 | 39.49 | 45.79 | 85.28 | OK | |
r-release-macos-arm64 | 1.1.9 | 54.00 | OK | |||
r-release-macos-x86_64 | 1.1.9 | 52.00 | WARN | |||
r-release-windows-x86_64 | 1.1.9 | 41.00 | 85.00 | 126.00 | OK | |
r-oldrel-macos-arm64 | 1.1.9 | 45.00 | OK | |||
r-oldrel-macos-x86_64 | 1.1.9 | 80.00 | OK | |||
r-oldrel-windows-x86_64 | 1.1.9 | 38.00 | 92.00 | 130.00 | OK |
Version: 1.1.9
Check: re-building of vignette outputs
Result: WARN
Error(s) in re-building vignettes:
...
--- re-building ‘rococo.Rnw’ using knitr
Error: processing vignette 'rococo.Rnw' failed with diagnostics:
Running 'texi2dvi' on 'rococo.tex' failed.
LaTeX errors:
! Undefined control sequence.
l.197 \hlkwd{install.packages}\hldef
{(}\hlsng{"rococo"}\hldef{)}
?
! Emergency stop.
! Emergency stop.
l.197
End of file on the terminal!
! ==> Fatal error occurred, no output PDF file produced!
--- failed re-building ‘rococo.Rnw’
SUMMARY: processing the following file failed:
‘rococo.Rnw’
Error: Vignette re-building failed.
Execution halted
Flavor: r-release-macos-x86_64