Last updated on 2024-07-01 03:49:14 CEST.
Flavor | Version | Tinstall | Tcheck | Ttotal | Status | Flags |
---|---|---|---|---|---|---|
r-devel-linux-x86_64-debian-clang | 1.3.2 | 7.54 | 130.69 | 138.23 | OK | |
r-devel-linux-x86_64-debian-gcc | 1.3.2 | 7.39 | 95.28 | 102.67 | OK | |
r-devel-linux-x86_64-fedora-clang | 1.3.2 | 178.24 | NOTE | |||
r-devel-linux-x86_64-fedora-gcc | 1.3.2 | 181.14 | NOTE | |||
r-devel-windows-x86_64 | 1.3.2 | 10.00 | 112.00 | 122.00 | OK | |
r-patched-linux-x86_64 | 1.3.2 | 6.22 | 121.98 | 128.20 | OK | |
r-release-linux-x86_64 | 1.3.2 | 6.22 | 121.78 | 128.00 | OK | |
r-release-macos-arm64 | 1.3.2 | 62.00 | OK | |||
r-release-macos-x86_64 | 1.3.2 | 91.00 | OK | |||
r-release-windows-x86_64 | 1.3.2 | 10.00 | 113.00 | 123.00 | OK | |
r-oldrel-macos-arm64 | 1.3.2 | 61.00 | OK | |||
r-oldrel-macos-x86_64 | 1.3.2 | 230.00 | OK | |||
r-oldrel-windows-x86_64 | 1.3.2 | 12.00 | 133.00 | 145.00 | OK |
Version: 1.3.2
Check: data for non-ASCII characters
Result: NOTE
Note: found 19 marked UTF-8 strings
Flavors: r-devel-linux-x86_64-fedora-clang, r-devel-linux-x86_64-fedora-gcc