Last updated on 2024-07-01 03:49:14 CEST.
Flavor | Version | Tinstall | Tcheck | Ttotal | Status | Flags |
---|---|---|---|---|---|---|
r-devel-linux-x86_64-debian-clang | 1.2 | 212.11 | 30.16 | 242.27 | OK | |
r-devel-linux-x86_64-debian-gcc | 1.2 | 138.58 | 23.39 | 161.97 | OK | |
r-devel-linux-x86_64-fedora-clang | 1.2 | 376.52 | OK | |||
r-devel-linux-x86_64-fedora-gcc | 1.2 | 382.13 | OK | |||
r-devel-windows-x86_64 | 1.2 | 166.00 | 69.00 | 235.00 | OK | |
r-patched-linux-x86_64 | 1.2 | 175.33 | 29.52 | 204.85 | OK | |
r-release-linux-x86_64 | 1.2 | 168.15 | 29.77 | 197.92 | OK | |
r-release-macos-arm64 | 1.2 | 59.00 | NOTE | |||
r-release-macos-x86_64 | 1.2 | 57.00 | NOTE | |||
r-release-windows-x86_64 | 1.2 | 164.00 | 66.00 | 230.00 | OK | |
r-oldrel-macos-arm64 | 1.2 | 68.00 | NOTE | |||
r-oldrel-macos-x86_64 | 1.2 | 87.00 | NOTE | |||
r-oldrel-windows-x86_64 | 1.2 | 202.00 | 76.00 | 278.00 | OK |
Version: 1.2
Check: installed package size
Result: NOTE
installed size is 6.9Mb
sub-directories of 1Mb or more:
libs 6.8Mb
Flavors: r-release-macos-arm64, r-release-macos-x86_64, r-oldrel-macos-arm64, r-oldrel-macos-x86_64