Last updated on 2024-07-01 03:49:14 CEST.
Flavor | Version | Tinstall | Tcheck | Ttotal | Status | Flags |
---|---|---|---|---|---|---|
r-devel-linux-x86_64-debian-clang | 1.2-3 | 33.34 | 117.17 | 150.51 | OK | |
r-devel-linux-x86_64-debian-gcc | 1.2-3 | 21.74 | 84.74 | 106.48 | OK | |
r-devel-linux-x86_64-fedora-clang | 1.2-3 | 192.62 | OK | |||
r-devel-linux-x86_64-fedora-gcc | 1.2-3 | 195.05 | OK | |||
r-devel-windows-x86_64 | 1.2-3 | 28.00 | 115.00 | 143.00 | OK | |
r-patched-linux-x86_64 | 1.2-3 | 26.53 | 109.06 | 135.59 | OK | |
r-release-linux-x86_64 | 1.2-3 | 27.97 | 107.98 | 135.95 | OK | |
r-release-macos-arm64 | 1.2-3 | 56.00 | OK | |||
r-release-macos-x86_64 | 1.2-3 | 114.00 | OK | |||
r-release-windows-x86_64 | 1.2-3 | 28.00 | 114.00 | 142.00 | OK | |
r-oldrel-macos-arm64 | 1.2-3 | 55.00 | OK | |||
r-oldrel-macos-x86_64 | 1.2-3 | 91.00 | NOTE | |||
r-oldrel-windows-x86_64 | 1.2-3 | 35.00 | 138.00 | 173.00 | OK |
Version: 1.2-3
Check: package dependencies
Result: NOTE
Package suggested but not available for checking: ‘robustbase’
Flavor: r-oldrel-macos-x86_64