Last updated on 2024-07-01 03:49:14 CEST.
Flavor | Version | Tinstall | Tcheck | Ttotal | Status | Flags |
---|---|---|---|---|---|---|
r-devel-linux-x86_64-debian-clang | 2.4.0 | 8.05 | 64.41 | 72.46 | NOTE | |
r-devel-linux-x86_64-debian-gcc | 2.4.0 | 5.23 | 49.15 | 54.38 | NOTE | |
r-devel-linux-x86_64-fedora-clang | 2.4.0 | 94.63 | NOTE | |||
r-devel-linux-x86_64-fedora-gcc | 2.4.0 | 100.81 | NOTE | |||
r-devel-windows-x86_64 | 2.4.0 | 8.00 | 68.00 | 76.00 | NOTE | |
r-patched-linux-x86_64 | 2.4.0 | 5.55 | 61.97 | 67.52 | NOTE | |
r-release-linux-x86_64 | 2.4.0 | 4.82 | 61.49 | 66.31 | NOTE | |
r-release-macos-arm64 | 2.4.0 | 37.00 | NOTE | |||
r-release-macos-x86_64 | 2.4.0 | 54.00 | NOTE | |||
r-release-windows-x86_64 | 2.4.0 | 9.00 | 69.00 | 78.00 | NOTE | |
r-oldrel-macos-arm64 | 2.4.0 | 39.00 | OK | |||
r-oldrel-macos-x86_64 | 2.4.0 | 48.00 | OK | |||
r-oldrel-windows-x86_64 | 2.4.0 | 9.00 | 77.00 | 86.00 | OK |
Version: 2.4.0
Check: Rd files
Result: NOTE
checkRd: (-1) myTarGetClientList.Rd:33: Lost braces
33 | {MyTarget API Documenation}{https://target.my.com/doc/api/detailed/#resource_agency_clients}
| ^
Flavors: r-devel-linux-x86_64-debian-clang, r-devel-linux-x86_64-debian-gcc, r-devel-linux-x86_64-fedora-clang, r-devel-linux-x86_64-fedora-gcc, r-devel-windows-x86_64, r-patched-linux-x86_64, r-release-linux-x86_64, r-release-macos-arm64, r-release-macos-x86_64, r-release-windows-x86_64