Last updated on 2024-07-01 03:49:14 CEST.
Flavor | Version | Tinstall | Tcheck | Ttotal | Status | Flags |
---|---|---|---|---|---|---|
r-devel-linux-x86_64-debian-clang | 5.2.1-30 | 359.95 | 64.41 | 424.36 | NOTE | |
r-devel-linux-x86_64-debian-gcc | 5.2.1-30 | 216.56 | 46.19 | 262.75 | NOTE | |
r-devel-linux-x86_64-fedora-clang | 5.2.1-30 | 566.02 | NOTE | |||
r-devel-linux-x86_64-fedora-gcc | 5.2.1-30 | 547.34 | NOTE | |||
r-devel-windows-x86_64 | 5.2.1-30 | 293.00 | 104.00 | 397.00 | NOTE | |
r-patched-linux-x86_64 | 5.2.1-30 | 258.99 | 57.97 | 316.96 | NOTE | |
r-release-linux-x86_64 | 5.2.1-30 | 248.86 | 59.56 | 308.42 | NOTE | |
r-release-macos-arm64 | 5.2.1-30 | 205.00 | NOTE | |||
r-release-macos-x86_64 | 5.2.1-30 | 182.00 | NOTE | |||
r-release-windows-x86_64 | 5.2.1-30 | 303.00 | 97.00 | 400.00 | NOTE | |
r-oldrel-macos-arm64 | 5.2.1-30 | 209.00 | NOTE | |||
r-oldrel-macos-x86_64 | 5.2.1-30 | 180.00 | NOTE | |||
r-oldrel-windows-x86_64 | 5.2.1-30 | 307.00 | 121.00 | 428.00 | NOTE |
Version: 5.2.1-30
Check: for GNU extensions in Makefiles
Result: NOTE
GNU make is a SystemRequirements.
Flavors: r-devel-linux-x86_64-debian-clang, r-devel-linux-x86_64-debian-gcc, r-devel-linux-x86_64-fedora-clang, r-devel-linux-x86_64-fedora-gcc, r-devel-windows-x86_64, r-patched-linux-x86_64, r-release-linux-x86_64, r-release-macos-arm64, r-release-macos-x86_64, r-release-windows-x86_64, r-oldrel-macos-arm64, r-oldrel-macos-x86_64, r-oldrel-windows-x86_64
Version: 5.2.1-30
Check: installed package size
Result: NOTE
installed size is 12.2Mb
sub-directories of 1Mb or more:
libs 11.9Mb
Flavors: r-release-macos-arm64, r-release-macos-x86_64, r-oldrel-macos-arm64, r-oldrel-macos-x86_64