Last updated on 2024-07-01 03:49:14 CEST.
Flavor | Version | Tinstall | Tcheck | Ttotal | Status | Flags |
---|---|---|---|---|---|---|
r-devel-linux-x86_64-debian-clang | 0.2.0 | 11.31 | 93.99 | 105.30 | NOTE | |
r-devel-linux-x86_64-debian-gcc | 0.2.0 | 10.18 | 68.38 | 78.56 | NOTE | |
r-devel-linux-x86_64-fedora-clang | 0.2.0 | 136.34 | NOTE | |||
r-devel-linux-x86_64-fedora-gcc | 0.2.0 | 122.75 | NOTE | |||
r-devel-windows-x86_64 | 0.2.0 | 12.00 | 95.00 | 107.00 | NOTE | |
r-patched-linux-x86_64 | 0.2.0 | 13.10 | 87.51 | 100.61 | NOTE | |
r-release-linux-x86_64 | 0.2.0 | 8.63 | 86.59 | 95.22 | NOTE | |
r-release-macos-arm64 | 0.2.0 | 39.00 | NOTE | |||
r-release-macos-x86_64 | 0.2.0 | 109.00 | NOTE | |||
r-release-windows-x86_64 | 0.2.0 | 12.00 | 95.00 | 107.00 | NOTE | |
r-oldrel-macos-arm64 | 0.2.0 | 38.00 | OK | |||
r-oldrel-macos-x86_64 | 0.2.0 | 66.00 | OK | |||
r-oldrel-windows-x86_64 | 0.2.0 | 16.00 | 110.00 | 126.00 | OK |
Version: 0.2.0
Check: Rd files
Result: NOTE
checkRd: (-1) nsgaControl.Rd:20-27: Lost braces in \itemize; meant \describe ?
checkRd: (-1) nsgaControl.Rd:28-35: Lost braces in \itemize; meant \describe ?
checkRd: (-1) nsgaControl.Rd:36-43: Lost braces in \itemize; meant \describe ?
checkRd: (-1) nsgaControl.Rd:45: Lost braces in \itemize; meant \describe ?
checkRd: (-1) plot-methods.Rd:53: Lost braces in \itemize; meant \describe ?
checkRd: (-1) plot-methods.Rd:54: Lost braces in \itemize; meant \describe ?
checkRd: (-1) plot-methods.Rd:55: Lost braces in \itemize; meant \describe ?
checkRd: (-1) plot-methods.Rd:56: Lost braces in \itemize; meant \describe ?
Flavors: r-devel-linux-x86_64-debian-clang, r-devel-linux-x86_64-debian-gcc, r-devel-linux-x86_64-fedora-clang, r-devel-linux-x86_64-fedora-gcc, r-devel-windows-x86_64, r-patched-linux-x86_64, r-release-linux-x86_64, r-release-macos-arm64, r-release-macos-x86_64, r-release-windows-x86_64