Last updated on 2024-07-01 03:49:13 CEST.
Flavor | Version | Tinstall | Tcheck | Ttotal | Status | Flags |
---|---|---|---|---|---|---|
r-devel-linux-x86_64-debian-clang | 1.3.5 | 13.26 | 200.11 | 213.37 | NOTE | |
r-devel-linux-x86_64-debian-gcc | 1.3.5 | 10.34 | 143.86 | 154.20 | NOTE | |
r-devel-linux-x86_64-fedora-clang | 1.3.5 | 258.34 | NOTE | |||
r-devel-linux-x86_64-fedora-gcc | 1.3.5 | 262.05 | NOTE | |||
r-devel-windows-x86_64 | 1.3.5 | 12.00 | 115.00 | 127.00 | NOTE | |
r-patched-linux-x86_64 | 1.3.5 | 8.85 | 185.17 | 194.02 | NOTE | |
r-release-linux-x86_64 | 1.3.5 | 13.11 | 183.72 | 196.83 | NOTE | |
r-release-macos-arm64 | 1.3.5 | 75.00 | NOTE | |||
r-release-macos-x86_64 | 1.3.5 | 103.00 | NOTE | |||
r-release-windows-x86_64 | 1.3.5 | 12.00 | 116.00 | 128.00 | NOTE | |
r-oldrel-macos-arm64 | 1.3.5 | 70.00 | OK | |||
r-oldrel-macos-x86_64 | 1.3.5 | 89.00 | OK | |||
r-oldrel-windows-x86_64 | 1.3.5 | 14.00 | 138.00 | 152.00 | OK |
Version: 1.3.5
Check: Rd files
Result: NOTE
checkRd: (-1) plot.mcfs.Rd:24: Lost braces; missing escapes or markup?
24 | \item\code{ri} {plots top features set with their RIs as well as max RI obtained from permutation experiments. Red color denotes important features.}
| ^
Flavors: r-devel-linux-x86_64-debian-clang, r-devel-linux-x86_64-debian-gcc, r-devel-linux-x86_64-fedora-clang, r-devel-linux-x86_64-fedora-gcc, r-devel-windows-x86_64, r-patched-linux-x86_64, r-release-linux-x86_64, r-release-macos-arm64, r-release-macos-x86_64, r-release-windows-x86_64