Last updated on 2024-07-01 03:49:13 CEST.
Flavor | Version | Tinstall | Tcheck | Ttotal | Status | Flags |
---|---|---|---|---|---|---|
r-devel-linux-x86_64-debian-clang | 0.4.1 | 3.49 | 50.22 | 53.71 | OK | |
r-devel-linux-x86_64-debian-gcc | 0.4.1 | 2.94 | 38.56 | 41.50 | OK | |
r-devel-linux-x86_64-fedora-clang | 0.4.1 | 69.83 | NOTE | |||
r-devel-linux-x86_64-fedora-gcc | 0.4.1 | 77.59 | NOTE | |||
r-devel-windows-x86_64 | 0.4.1 | 5.00 | 66.00 | 71.00 | OK | |
r-patched-linux-x86_64 | 0.4.1 | 3.38 | 48.26 | 51.64 | OK | |
r-release-linux-x86_64 | 0.4.1 | 2.60 | 47.74 | 50.34 | OK | |
r-release-macos-arm64 | 0.4.1 | 34.00 | OK | |||
r-release-macos-x86_64 | 0.4.1 | 48.00 | OK | |||
r-release-windows-x86_64 | 0.4.1 | 5.00 | 68.00 | 73.00 | OK | |
r-oldrel-macos-arm64 | 0.4.1 | 34.00 | OK | |||
r-oldrel-macos-x86_64 | 0.4.1 | 69.00 | OK | |||
r-oldrel-windows-x86_64 | 0.4.1 | 5.00 | 71.00 | 76.00 | OK |
Version: 0.4.1
Check: data for non-ASCII characters
Result: NOTE
Note: found 1471 marked UTF-8 strings
Flavors: r-devel-linux-x86_64-fedora-clang, r-devel-linux-x86_64-fedora-gcc