Last updated on 2024-07-01 03:49:13 CEST.
Flavor | Version | Tinstall | Tcheck | Ttotal | Status | Flags |
---|---|---|---|---|---|---|
r-devel-linux-x86_64-debian-clang | 1.0.3 | 12.65 | 152.75 | 165.40 | OK | |
r-devel-linux-x86_64-debian-gcc | 1.0.3 | 10.09 | 110.44 | 120.53 | OK | |
r-devel-linux-x86_64-fedora-clang | 1.0.3 | 203.06 | NOTE | |||
r-devel-linux-x86_64-fedora-gcc | 1.0.3 | 201.11 | NOTE | |||
r-devel-windows-x86_64 | 1.0.3 | 12.00 | 123.00 | 135.00 | OK | |
r-patched-linux-x86_64 | 1.0.3 | 8.82 | 144.34 | 153.16 | OK | |
r-release-linux-x86_64 | 1.0.3 | 12.28 | 144.48 | 156.76 | OK | |
r-release-macos-arm64 | 1.0.3 | 57.00 | OK | |||
r-release-macos-x86_64 | 1.0.3 | 86.00 | OK | |||
r-release-windows-x86_64 | 1.0.3 | 12.00 | 125.00 | 137.00 | OK | |
r-oldrel-macos-arm64 | 1.0.3 | 64.00 | OK | |||
r-oldrel-macos-x86_64 | 1.0.3 | 104.00 | OK | |||
r-oldrel-windows-x86_64 | 1.0.3 | 14.00 | 147.00 | 161.00 | OK |
Version: 1.0.3
Check: dependencies in R code
Result: NOTE
Namespace in Imports field not imported from: ‘titanic’
All declared Imports should be used.
Flavors: r-devel-linux-x86_64-fedora-clang, r-devel-linux-x86_64-fedora-gcc