Last updated on 2024-07-01 03:49:13 CEST.
Flavor | Version | Tinstall | Tcheck | Ttotal | Status | Flags |
---|---|---|---|---|---|---|
r-devel-linux-x86_64-debian-clang | 0.0.1 | 40.25 | 409.59 | 449.84 | OK | |
r-devel-linux-x86_64-debian-gcc | 0.0.1 | 37.49 | 301.30 | 338.79 | OK | |
r-devel-linux-x86_64-fedora-clang | 0.0.1 | 577.72 | OK | |||
r-devel-linux-x86_64-fedora-gcc | 0.0.1 | 572.34 | OK | |||
r-devel-windows-x86_64 | 0.0.1 | 39.00 | 264.00 | 303.00 | OK | |
r-patched-linux-x86_64 | 0.0.1 | 27.95 | 377.52 | 405.47 | OK | |
r-release-linux-x86_64 | 0.0.1 | 28.60 | 385.75 | 414.35 | OK | |
r-release-macos-arm64 | 0.0.1 | 5.00 | ERROR | |||
r-release-macos-x86_64 | 0.0.1 | 7.00 | ERROR | |||
r-release-windows-x86_64 | 0.0.1 | 37.00 | 271.00 | 308.00 | OK | |
r-oldrel-macos-arm64 | 0.0.1 | 11.00 | ERROR | |||
r-oldrel-macos-x86_64 | 0.0.1 | 14.00 | ERROR | |||
r-oldrel-windows-x86_64 | 0.0.1 | 19.00 | 8.00 | 27.00 | ERROR |
Version: 0.0.1
Check: package dependencies
Result: ERROR
Package required but not available: ‘BSgenome.Hsapiens.UCSC.hg38’
See section ‘The DESCRIPTION file’ in the ‘Writing R Extensions’
manual.
Flavors: r-release-macos-arm64, r-release-macos-x86_64, r-oldrel-macos-arm64, r-oldrel-macos-x86_64
Version: 0.0.1
Check: whether package can be installed
Result: ERROR
Installation failed.
Flavor: r-oldrel-windows-x86_64