Last updated on 2024-07-01 03:49:13 CEST.
Flavor | Version | Tinstall | Tcheck | Ttotal | Status | Flags |
---|---|---|---|---|---|---|
r-devel-linux-x86_64-debian-clang | 0.2.4 | 79.10 | 56.80 | 135.90 | OK | |
r-devel-linux-x86_64-debian-gcc | 0.2.4 | 67.09 | 44.62 | 111.71 | OK | |
r-devel-linux-x86_64-fedora-clang | 0.2.4 | 191.13 | OK | |||
r-devel-linux-x86_64-fedora-gcc | 0.2.4 | 238.28 | OK | |||
r-devel-windows-x86_64 | 0.2.4 | 66.00 | 90.00 | 156.00 | NOTE | |
r-patched-linux-x86_64 | 0.2.4 | 77.51 | 57.94 | 135.45 | NOTE | |
r-release-linux-x86_64 | 0.2.4 | 90.51 | 56.78 | 147.29 | OK | |
r-release-macos-arm64 | 0.2.4 | 50.00 | NOTE | |||
r-release-macos-x86_64 | 0.2.4 | 95.00 | NOTE | |||
r-release-windows-x86_64 | 0.2.4 | 64.00 | 81.00 | 145.00 | NOTE | |
r-oldrel-macos-arm64 | 0.2.4 | 66.00 | NOTE | |||
r-oldrel-macos-x86_64 | 0.2.4 | 102.00 | NOTE | |||
r-oldrel-windows-x86_64 | 0.2.4 | 78.00 | 92.00 | 170.00 | NOTE |
Version: 0.2.4
Check: installed package size
Result: NOTE
installed size is 5.2Mb
sub-directories of 1Mb or more:
include 1.9Mb
libs 1.6Mb
models 1.6Mb
Flavors: r-devel-windows-x86_64, r-release-macos-arm64, r-release-macos-x86_64, r-release-windows-x86_64, r-oldrel-macos-arm64, r-oldrel-macos-x86_64, r-oldrel-windows-x86_64
Version: 0.2.4
Check: re-building of vignette outputs
Result: NOTE
Re-building vignettes had CPU time 2.5 times elapsed time
Flavor: r-patched-linux-x86_64