Last updated on 2024-07-01 03:49:13 CEST.
Flavor | Version | Tinstall | Tcheck | Ttotal | Status | Flags |
---|---|---|---|---|---|---|
r-devel-linux-x86_64-debian-clang | 3.2.2 | 101.22 | 66.49 | 167.71 | OK | |
r-devel-linux-x86_64-debian-gcc | 3.2.2 | 69.51 | 48.56 | 118.07 | OK | |
r-devel-linux-x86_64-fedora-clang | 3.2.2 | 221.96 | OK | |||
r-devel-linux-x86_64-fedora-gcc | 3.2.2 | 253.50 | OK | |||
r-devel-windows-x86_64 | 3.2.2 | 74.00 | 107.00 | 181.00 | OK | |
r-patched-linux-x86_64 | 3.2.2 | 86.20 | 62.53 | 148.73 | OK | |
r-release-linux-x86_64 | 3.2.2 | 85.12 | 61.21 | 146.33 | OK | |
r-release-macos-arm64 | 3.2.2 | 75.00 | NOTE | |||
r-release-macos-x86_64 | 3.2.2 | 77.00 | NOTE | |||
r-release-windows-x86_64 | 3.2.2 | 73.00 | 108.00 | 181.00 | OK | |
r-oldrel-macos-arm64 | 3.2.2 | 61.00 | NOTE | |||
r-oldrel-macos-x86_64 | 3.2.2 | 115.00 | NOTE | |||
r-oldrel-windows-x86_64 | 3.2.2 | 89.00 | 116.00 | 205.00 | OK |
Version: 3.2.2
Check: installed package size
Result: NOTE
installed size is 7.1Mb
sub-directories of 1Mb or more:
libs 6.5Mb
Flavors: r-release-macos-arm64, r-release-macos-x86_64, r-oldrel-macos-arm64, r-oldrel-macos-x86_64