Last updated on 2024-07-01 03:49:13 CEST.
Flavor | Version | Tinstall | Tcheck | Ttotal | Status | Flags |
---|---|---|---|---|---|---|
r-devel-linux-x86_64-debian-clang | 1.0.4 | 133.52 | 345.66 | 479.18 | OK | |
r-devel-linux-x86_64-debian-gcc | 1.0.4 | 99.33 | 272.86 | 372.19 | OK | |
r-devel-linux-x86_64-fedora-clang | 1.0.4 | 612.75 | OK | |||
r-devel-linux-x86_64-fedora-gcc | 1.0.4 | 685.84 | OK | |||
r-devel-windows-x86_64 | 1.0.4 | 96.00 | 302.00 | 398.00 | OK | |
r-patched-linux-x86_64 | 1.0.4 | 114.65 | 382.84 | 497.49 | OK | |
r-release-linux-x86_64 | 1.0.4 | 119.54 | 372.66 | 492.20 | OK | |
r-release-macos-arm64 | 1.0.4 | 181.00 | NOTE | |||
r-release-macos-x86_64 | 1.0.4 | 279.00 | NOTE | |||
r-release-windows-x86_64 | 1.0.4 | 94.00 | 302.00 | 396.00 | OK | |
r-oldrel-macos-arm64 | 1.0.4 | 206.00 | NOTE | |||
r-oldrel-macos-x86_64 | 1.0.4 | 392.00 | NOTE | |||
r-oldrel-windows-x86_64 | 1.0.4 | 121.00 | 391.00 | 512.00 | OK |
Version: 1.0.4
Check: installed package size
Result: NOTE
installed size is 25.2Mb
sub-directories of 1Mb or more:
libs 23.8Mb
Flavors: r-release-macos-arm64, r-release-macos-x86_64, r-oldrel-macos-arm64, r-oldrel-macos-x86_64