Last updated on 2024-07-01 03:49:13 CEST.
Flavor | Version | Tinstall | Tcheck | Ttotal | Status | Flags |
---|---|---|---|---|---|---|
r-devel-linux-x86_64-debian-clang | 0.5.2 | 4.17 | 39.12 | 43.29 | NOTE | |
r-devel-linux-x86_64-debian-gcc | 0.5.2 | 3.19 | 29.44 | 32.63 | NOTE | |
r-devel-linux-x86_64-fedora-clang | 0.5.2 | 54.62 | NOTE | |||
r-devel-linux-x86_64-fedora-gcc | 0.5.2 | 51.17 | NOTE | |||
r-devel-windows-x86_64 | 0.5.2 | 6.00 | 49.00 | 55.00 | NOTE | |
r-patched-linux-x86_64 | 0.5.2 | 4.60 | 37.67 | 42.27 | NOTE | |
r-release-linux-x86_64 | 0.5.2 | 3.79 | 37.48 | 41.27 | NOTE | |
r-release-macos-arm64 | 0.5.2 | 20.00 | NOTE | |||
r-release-macos-x86_64 | 0.5.2 | 29.00 | NOTE | |||
r-release-windows-x86_64 | 0.5.2 | 5.00 | 50.00 | 55.00 | NOTE | |
r-oldrel-macos-arm64 | 0.5.2 | 20.00 | NOTE | |||
r-oldrel-macos-x86_64 | 0.5.2 | 29.00 | NOTE | |||
r-oldrel-windows-x86_64 | 0.5.2 | 6.00 | 53.00 | 59.00 | NOTE |
Version: 0.5.2
Check: LazyData
Result: NOTE
'LazyData' is specified without a 'data' directory
Flavors: r-devel-linux-x86_64-debian-clang, r-devel-linux-x86_64-debian-gcc, r-devel-linux-x86_64-fedora-clang, r-devel-linux-x86_64-fedora-gcc, r-devel-windows-x86_64, r-patched-linux-x86_64, r-release-linux-x86_64, r-release-macos-arm64, r-release-macos-x86_64, r-release-windows-x86_64, r-oldrel-macos-arm64, r-oldrel-macos-x86_64, r-oldrel-windows-x86_64