Last updated on 2024-07-01 03:49:13 CEST.
Flavor | Version | Tinstall | Tcheck | Ttotal | Status | Flags |
---|---|---|---|---|---|---|
r-devel-linux-x86_64-debian-clang | 3.2.2 | 16.11 | 235.97 | 252.08 | NOTE | |
r-devel-linux-x86_64-debian-gcc | 3.2.2 | 10.62 | 179.53 | 190.15 | NOTE | |
r-devel-linux-x86_64-fedora-clang | 3.2.2 | 321.84 | NOTE | |||
r-devel-linux-x86_64-fedora-gcc | 3.2.2 | 319.74 | NOTE | |||
r-devel-windows-x86_64 | 3.2.2 | 21.00 | 330.00 | 351.00 | NOTE | |
r-patched-linux-x86_64 | 3.2.2 | 15.51 | 225.21 | 240.72 | NOTE | |
r-release-linux-x86_64 | 3.2.2 | 12.40 | 227.35 | 239.75 | NOTE | |
r-release-macos-arm64 | 3.2.2 | 91.00 | NOTE | |||
r-release-macos-x86_64 | 3.2.2 | 146.00 | NOTE | |||
r-release-windows-x86_64 | 3.2.2 | 21.00 | 285.00 | 306.00 | NOTE | |
r-oldrel-macos-arm64 | 3.2.2 | 96.00 | OK | |||
r-oldrel-macos-x86_64 | 3.2.2 | 161.00 | OK | |||
r-oldrel-windows-x86_64 | 3.2.2 | 22.00 | 334.00 | 356.00 | OK |
Version: 3.2.2
Check: Rd files
Result: NOTE
checkRd: (-1) plot.ehh.Rd:27: Lost braces
27 | \item{type}{plot type (see code{\link[graphics]{plot.default}} and \code{\link[graphics]{matplot}}).
| ^
checkRd: (-1) plot.ehhs.Rd:27: Lost braces
27 | \item{type}{plot type (see code{\link[graphics]{plot.default}}.
| ^
Flavors: r-devel-linux-x86_64-debian-clang, r-devel-linux-x86_64-debian-gcc, r-devel-linux-x86_64-fedora-clang, r-devel-linux-x86_64-fedora-gcc, r-devel-windows-x86_64, r-patched-linux-x86_64, r-release-linux-x86_64, r-release-macos-arm64, r-release-macos-x86_64, r-release-windows-x86_64
Version: 3.2.2
Check: compiled code
Result: NOTE
File ‘rehh/libs/rehh.so’:
Found non-API call to R: ‘SETLENGTH’
Compiled code should not call non-API entry points in R.
See ‘Writing portable packages’ in the ‘Writing R Extensions’ manual.
See section ‘Moving into C API compliance’ in the ‘Writing R
Extensions’ manual for issues with use of non-API entry points.
Flavors: r-devel-linux-x86_64-debian-clang, r-devel-linux-x86_64-debian-gcc, r-devel-linux-x86_64-fedora-gcc
Version: 3.2.2
Check: compiled code
Result: NOTE
File ‘rehh/libs/rehh.so’:
Found non-API call to R: ‘SETLENGTH’
Compiled code should not call non-API entry points in R.
See ‘Writing portable packages’ in the ‘Writing R Extensions’ manual,
and section ‘Moving into C API compliance’ for issues with the use of
non-API entry points.
Flavor: r-devel-linux-x86_64-fedora-clang
Version: 3.2.2
Check: compiled code
Result: NOTE
File 'rehh/libs/x64/rehh.dll':
Found non-API call to R: 'SETLENGTH'
Compiled code should not call non-API entry points in R.
See 'Writing portable packages' in the 'Writing R Extensions' manual.
See section 'Moving into C API compliance' in the 'Writing R
Extensions' manual for issues with use of non-API entry points.
Flavor: r-devel-windows-x86_64