Last updated on 2024-07-01 03:49:13 CEST.
Flavor | Version | Tinstall | Tcheck | Ttotal | Status | Flags |
---|---|---|---|---|---|---|
r-devel-linux-x86_64-debian-clang | 1.0.1 | 186.49 | 60.97 | 247.46 | OK | |
r-devel-linux-x86_64-debian-gcc | 1.0.1 | 125.34 | 45.36 | 170.70 | OK | |
r-devel-linux-x86_64-fedora-clang | 1.0.1 | 367.56 | OK | |||
r-devel-linux-x86_64-fedora-gcc | 1.0.1 | 358.63 | OK | |||
r-devel-windows-x86_64 | 1.0.1 | 140.00 | 83.00 | 223.00 | OK | |
r-patched-linux-x86_64 | 1.0.1 | 147.05 | 57.13 | 204.18 | OK | |
r-release-linux-x86_64 | 1.0.1 | 143.07 | 59.09 | 202.16 | OK | |
r-release-macos-arm64 | 1.0.1 | 77.00 | NOTE | |||
r-release-macos-x86_64 | 1.0.1 | 65.00 | NOTE | |||
r-release-windows-x86_64 | 1.0.1 | 143.00 | 88.00 | 231.00 | OK | |
r-oldrel-macos-arm64 | 1.0.1 | 68.00 | NOTE | |||
r-oldrel-macos-x86_64 | 1.0.1 | 98.00 | NOTE | |||
r-oldrel-windows-x86_64 | 1.0.1 | 169.00 | 103.00 | 272.00 | OK |
Version: 1.0.1
Check: installed package size
Result: NOTE
installed size is 7.3Mb
sub-directories of 1Mb or more:
data 2.4Mb
libs 4.8Mb
Flavors: r-release-macos-arm64, r-release-macos-x86_64, r-oldrel-macos-arm64, r-oldrel-macos-x86_64