Last updated on 2024-07-01 03:49:13 CEST.
Flavor | Version | Tinstall | Tcheck | Ttotal | Status | Flags |
---|---|---|---|---|---|---|
r-devel-linux-x86_64-debian-clang | 0.1.3 | 202.66 | 42.37 | 245.03 | OK | |
r-devel-linux-x86_64-debian-gcc | 0.1.3 | 139.39 | 32.18 | 171.57 | OK | |
r-devel-linux-x86_64-fedora-clang | 0.1.3 | 405.84 | OK | |||
r-devel-linux-x86_64-fedora-gcc | 0.1.3 | 413.17 | OK | |||
r-devel-windows-x86_64 | 0.1.3 | 164.00 | 83.00 | 247.00 | OK | |
r-patched-linux-x86_64 | 0.1.3 | 163.51 | 40.08 | 203.59 | OK | |
r-release-linux-x86_64 | 0.1.3 | 173.24 | 39.83 | 213.07 | OK | |
r-release-macos-arm64 | 0.1.3 | 72.00 | NOTE | |||
r-release-macos-x86_64 | 0.1.3 | 81.00 | NOTE | |||
r-release-windows-x86_64 | 0.1.3 | 165.00 | 84.00 | 249.00 | OK | |
r-oldrel-macos-arm64 | 0.1.3 | 108.00 | NOTE | |||
r-oldrel-macos-x86_64 | 0.1.3 | 125.00 | NOTE | |||
r-oldrel-windows-x86_64 | 0.1.3 | 161.00 | 89.00 | 250.00 | OK |
Version: 0.1.3
Check: installed package size
Result: NOTE
installed size is 8.9Mb
sub-directories of 1Mb or more:
libs 8.6Mb
Flavors: r-release-macos-arm64, r-release-macos-x86_64, r-oldrel-macos-arm64, r-oldrel-macos-x86_64