Last updated on 2024-07-01 03:49:13 CEST.
Flavor | Version | Tinstall | Tcheck | Ttotal | Status | Flags |
---|---|---|---|---|---|---|
r-devel-linux-x86_64-debian-clang | 0.1.1 | 73.64 | 417.90 | 491.54 | OK | |
r-devel-linux-x86_64-debian-gcc | 0.1.1 | 46.10 | 293.41 | 339.51 | OK | |
r-devel-linux-x86_64-fedora-clang | 0.1.1 | 595.21 | NOTE | |||
r-devel-linux-x86_64-fedora-gcc | 0.1.1 | 600.18 | NOTE | |||
r-devel-windows-x86_64 | 0.1.1 | 54.00 | 381.00 | 435.00 | OK | |
r-patched-linux-x86_64 | 0.1.1 | 64.70 | 391.62 | 456.32 | OK | |
r-release-linux-x86_64 | 0.1.1 | 43.48 | 387.68 | 431.16 | OK | |
r-release-macos-arm64 | 0.1.1 | 147.00 | NOTE | |||
r-release-macos-x86_64 | 0.1.1 | 260.00 | NOTE | |||
r-release-windows-x86_64 | 0.1.1 | 56.00 | 392.00 | 448.00 | OK | |
r-oldrel-macos-arm64 | 0.1.1 | 230.00 | NOTE | |||
r-oldrel-macos-x86_64 | 0.1.1 | 396.00 | NOTE | |||
r-oldrel-windows-x86_64 | 0.1.1 | 71.00 | 483.00 | 554.00 | OK |
Version: 0.1.1
Check: Rd cross-references
Result: NOTE
Undeclared packages ‘nominatimlite’, ‘lutz’ in Rd xrefs
Flavor: r-devel-linux-x86_64-fedora-clang
Version: 0.1.1
Check: data for non-ASCII characters
Result: NOTE
Note: found 1 marked UTF-8 string
Flavors: r-devel-linux-x86_64-fedora-clang, r-devel-linux-x86_64-fedora-gcc
Version: 0.1.1
Check: installed package size
Result: NOTE
installed size is 6.8Mb
sub-directories of 1Mb or more:
libs 4.9Mb
Flavors: r-release-macos-arm64, r-release-macos-x86_64, r-oldrel-macos-arm64, r-oldrel-macos-x86_64