Last updated on 2024-07-01 03:49:13 CEST.
Flavor | Version | Tinstall | Tcheck | Ttotal | Status | Flags |
---|---|---|---|---|---|---|
r-devel-linux-x86_64-debian-clang | 0.37.3 | 138.91 | 153.86 | 292.77 | OK | |
r-devel-linux-x86_64-debian-gcc | 0.37.3 | 95.13 | 109.01 | 204.14 | OK | |
r-devel-linux-x86_64-fedora-clang | 0.37.3 | 395.91 | OK | |||
r-devel-linux-x86_64-fedora-gcc | 0.37.3 | 407.02 | OK | |||
r-devel-windows-x86_64 | 0.37.3 | 106.00 | 151.00 | 257.00 | OK | |
r-patched-linux-x86_64 | 0.37.3 | 87.51 | 146.02 | 233.53 | OK | |
r-release-linux-x86_64 | 0.37.3 | 82.52 | 144.75 | 227.27 | OK | |
r-release-macos-arm64 | 0.37.3 | 80.00 | NOTE | |||
r-release-macos-x86_64 | 0.37.3 | 93.00 | NOTE | |||
r-release-windows-x86_64 | 0.37.3 | 105.00 | 156.00 | 261.00 | OK | |
r-oldrel-macos-arm64 | 0.37.3 | 84.00 | NOTE | |||
r-oldrel-macos-x86_64 | 0.37.3 | 162.00 | NOTE | |||
r-oldrel-windows-x86_64 | 0.37.3 | 131.00 | 193.00 | 324.00 | NOTE |
Version: 0.37.3
Check: installed package size
Result: NOTE
installed size is 7.2Mb
sub-directories of 1Mb or more:
data 2.9Mb
libs 3.3Mb
Flavors: r-release-macos-arm64, r-release-macos-x86_64, r-oldrel-macos-arm64, r-oldrel-macos-x86_64, r-oldrel-windows-x86_64
Version: 0.37.3
Check: package dependencies
Result: NOTE
Package suggested but not available for checking: ‘raybevel’
Flavors: r-oldrel-macos-arm64, r-oldrel-macos-x86_64