Last updated on 2024-07-01 03:49:12 CEST.
Flavor | Version | Tinstall | Tcheck | Ttotal | Status | Flags |
---|---|---|---|---|---|---|
r-devel-linux-x86_64-debian-clang | 1.1 | 5.67 | 46.55 | 52.22 | NOTE | |
r-devel-linux-x86_64-debian-gcc | 1.1 | 4.40 | 35.34 | 39.74 | NOTE | |
r-devel-linux-x86_64-fedora-clang | 1.1 | 64.56 | NOTE | |||
r-devel-linux-x86_64-fedora-gcc | 1.1 | 62.30 | NOTE | |||
r-devel-windows-x86_64 | 1.1 | 7.00 | 69.00 | 76.00 | NOTE | |
r-patched-linux-x86_64 | 1.1 | 6.46 | 45.25 | 51.71 | NOTE | |
r-release-linux-x86_64 | 1.1 | 5.32 | 44.01 | 49.33 | NOTE | |
r-release-macos-arm64 | 1.1 | 24.00 | NOTE | |||
r-release-macos-x86_64 | 1.1 | 41.00 | NOTE | |||
r-release-windows-x86_64 | 1.1 | 6.00 | 67.00 | 73.00 | NOTE | |
r-oldrel-macos-arm64 | 1.1 | 23.00 | OK | |||
r-oldrel-macos-x86_64 | 1.1 | 34.00 | OK | |||
r-oldrel-windows-x86_64 | 1.1 | 7.00 | 73.00 | 80.00 | OK |
Version: 1.1
Check: Rd files
Result: NOTE
checkRd: (-1) max.Rd:17: Lost braces
17 | Returns the maximum of all values in a vector by passing \{code{\link{max}} as \code{fn} argument to \code{\link{univar}} function.
| ^
checkRd: (-1) min.Rd:17: Lost braces
17 | Returns the minimum of all values in a vector by passing \{code{\link{min}} as \code{fn} argument to \code{\link{univar}} function.
| ^
Flavors: r-devel-linux-x86_64-debian-clang, r-devel-linux-x86_64-debian-gcc, r-devel-linux-x86_64-fedora-clang, r-devel-linux-x86_64-fedora-gcc, r-devel-windows-x86_64, r-patched-linux-x86_64, r-release-linux-x86_64, r-release-macos-arm64, r-release-macos-x86_64, r-release-windows-x86_64
Version: 1.1
Check: Rd cross-references
Result: NOTE
Undeclared package ‘reshape’ in Rd xrefs
Flavor: r-devel-linux-x86_64-fedora-clang