Last updated on 2024-07-01 03:49:12 CEST.
Flavor | Version | Tinstall | Tcheck | Ttotal | Status | Flags |
---|---|---|---|---|---|---|
r-devel-linux-x86_64-debian-clang | 0.10.1 | 8.17 | 289.14 | 297.31 | NOTE | |
r-devel-linux-x86_64-debian-gcc | 0.10.1 | 5.86 | 204.67 | 210.53 | NOTE | |
r-devel-linux-x86_64-fedora-clang | 0.10.1 | 355.93 | NOTE | |||
r-devel-linux-x86_64-fedora-gcc | 0.10.1 | 352.40 | NOTE | |||
r-devel-windows-x86_64 | 0.10.1 | 10.00 | 195.00 | 205.00 | NOTE | |
r-patched-linux-x86_64 | 0.10.1 | 8.23 | 266.94 | 275.17 | NOTE | |
r-release-linux-x86_64 | 0.10.1 | 6.80 | 267.76 | 274.56 | NOTE | |
r-release-macos-arm64 | 0.10.1 | 93.00 | NOTE | |||
r-release-macos-x86_64 | 0.10.1 | 171.00 | NOTE | |||
r-release-windows-x86_64 | 0.10.1 | 9.00 | 193.00 | 202.00 | NOTE | |
r-oldrel-macos-arm64 | 0.10.1 | 103.00 | NOTE | |||
r-oldrel-macos-x86_64 | 0.10.1 | 180.00 | NOTE | |||
r-oldrel-windows-x86_64 | 0.10.1 | 10.00 | 247.00 | 257.00 | NOTE |
Version: 0.10.1
Check: LazyData
Result: NOTE
'LazyData' is specified without a 'data' directory
Flavors: r-devel-linux-x86_64-debian-clang, r-devel-linux-x86_64-debian-gcc, r-devel-linux-x86_64-fedora-clang, r-devel-linux-x86_64-fedora-gcc, r-devel-windows-x86_64, r-patched-linux-x86_64, r-release-linux-x86_64, r-release-macos-arm64, r-release-macos-x86_64, r-release-windows-x86_64, r-oldrel-macos-arm64, r-oldrel-macos-x86_64, r-oldrel-windows-x86_64