Last updated on 2024-07-01 03:49:13 CEST.
Flavor | Version | Tinstall | Tcheck | Ttotal | Status | Flags |
---|---|---|---|---|---|---|
r-devel-linux-x86_64-debian-clang | 0.1.0 | 2.05 | 42.25 | 44.30 | NOTE | |
r-devel-linux-x86_64-debian-gcc | 0.1.0 | 1.67 | 31.83 | 33.50 | NOTE | |
r-devel-linux-x86_64-fedora-clang | 0.1.0 | 57.55 | NOTE | |||
r-devel-linux-x86_64-fedora-gcc | 0.1.0 | 66.18 | NOTE | |||
r-devel-windows-x86_64 | 0.1.0 | 2.00 | 53.00 | 55.00 | NOTE | |
r-patched-linux-x86_64 | 0.1.0 | 1.98 | 40.53 | 42.51 | NOTE | |
r-release-linux-x86_64 | 0.1.0 | 1.81 | 41.16 | 42.97 | NOTE | |
r-release-macos-arm64 | 0.1.0 | 26.00 | NOTE | |||
r-release-macos-x86_64 | 0.1.0 | 41.00 | NOTE | |||
r-release-windows-x86_64 | 0.1.0 | 4.00 | 52.00 | 56.00 | NOTE | |
r-oldrel-macos-arm64 | 0.1.0 | 25.00 | OK | |||
r-oldrel-macos-x86_64 | 0.1.0 | 39.00 | OK | |||
r-oldrel-windows-x86_64 | 0.1.0 | 3.00 | 57.00 | 60.00 | OK |
Version: 0.1.0
Check: Rd files
Result: NOTE
checkRd: (-1) Ghana_2021_school_attendance.Rd:75: Lost braces in \itemize; meant \describe ?
checkRd: (-1) Ghana_2021_school_attendance_geometry.Rd:75: Lost braces in \itemize; meant \describe ?
Flavors: r-devel-linux-x86_64-debian-clang, r-devel-linux-x86_64-debian-gcc, r-devel-linux-x86_64-fedora-clang, r-devel-linux-x86_64-fedora-gcc, r-devel-windows-x86_64, r-patched-linux-x86_64, r-release-linux-x86_64, r-release-macos-arm64, r-release-macos-x86_64, r-release-windows-x86_64