Last updated on 2024-07-01 03:49:13 CEST.
Flavor | Version | Tinstall | Tcheck | Ttotal | Status | Flags |
---|---|---|---|---|---|---|
r-devel-linux-x86_64-debian-clang | 1.15.4 | 212.12 | 88.52 | 300.64 | OK | |
r-devel-linux-x86_64-debian-gcc | 1.15.4 | 160.10 | 68.79 | 228.89 | OK | |
r-devel-linux-x86_64-fedora-clang | 1.15.4 | 459.52 | OK | |||
r-devel-linux-x86_64-fedora-gcc | 1.15.4 | 498.23 | OK | |||
r-devel-windows-x86_64 | 1.15.4 | 142.00 | 188.00 | 330.00 | OK | |
r-patched-linux-x86_64 | 1.15.4 | 198.46 | 83.22 | 281.68 | OK | |
r-release-linux-x86_64 | 1.15.4 | 194.04 | 86.15 | 280.19 | OK | |
r-release-macos-arm64 | 1.15.4 | 126.00 | NOTE | |||
r-release-macos-x86_64 | 1.15.4 | 106.00 | NOTE | |||
r-release-windows-x86_64 | 1.15.4 | 145.00 | 194.00 | 339.00 | OK | |
r-oldrel-macos-arm64 | 1.15.4 | 102.00 | NOTE | |||
r-oldrel-macos-x86_64 | 1.15.4 | 152.00 | NOTE | |||
r-oldrel-windows-x86_64 | 1.15.4 | 137.00 | 210.00 | 347.00 | OK |
Version: 1.15.4
Check: installed package size
Result: NOTE
installed size is 11.9Mb
sub-directories of 1Mb or more:
libs 11.1Mb
Flavors: r-release-macos-arm64, r-release-macos-x86_64, r-oldrel-macos-arm64, r-oldrel-macos-x86_64