Last updated on 2024-07-01 03:49:13 CEST.
Flavor | Version | Tinstall | Tcheck | Ttotal | Status | Flags |
---|---|---|---|---|---|---|
r-devel-linux-x86_64-debian-clang | 0.54.1 | 12.80 | 81.51 | 94.31 | NOTE | |
r-devel-linux-x86_64-debian-gcc | 0.54.1 | 8.39 | 59.44 | 67.83 | NOTE | |
r-devel-linux-x86_64-fedora-clang | 0.54.1 | 117.90 | NOTE | |||
r-devel-linux-x86_64-fedora-gcc | 0.54.1 | 109.51 | NOTE | |||
r-devel-windows-x86_64 | 0.54.1 | 11.00 | 86.00 | 97.00 | NOTE | |
r-patched-linux-x86_64 | 0.54.1 | 13.07 | 77.18 | 90.25 | NOTE | |
r-release-linux-x86_64 | 0.54.1 | 12.58 | 77.07 | 89.65 | NOTE | |
r-release-macos-arm64 | 0.54.1 | 31.00 | NOTE | |||
r-release-macos-x86_64 | 0.54.1 | 49.00 | NOTE | |||
r-release-windows-x86_64 | 0.54.1 | 13.00 | 88.00 | 101.00 | NOTE | |
r-oldrel-macos-arm64 | 0.54.1 | 37.00 | NOTE | |||
r-oldrel-macos-x86_64 | 0.54.1 | 95.00 | NOTE | |||
r-oldrel-windows-x86_64 | 0.54.1 | 14.00 | 103.00 | 117.00 | NOTE |
Version: 0.54.1
Check: package subdirectories
Result: NOTE
Problems with news in ‘NEWS.md’:
No news entries found.
Flavors: r-devel-linux-x86_64-debian-clang, r-devel-linux-x86_64-debian-gcc, r-devel-linux-x86_64-fedora-clang, r-devel-linux-x86_64-fedora-gcc, r-devel-windows-x86_64, r-patched-linux-x86_64, r-release-linux-x86_64, r-release-macos-arm64, r-release-macos-x86_64, r-release-windows-x86_64, r-oldrel-macos-arm64, r-oldrel-macos-x86_64, r-oldrel-windows-x86_64