Last updated on 2024-07-01 03:49:13 CEST.
Flavor | Version | Tinstall | Tcheck | Ttotal | Status | Flags |
---|---|---|---|---|---|---|
r-devel-linux-x86_64-debian-clang | 1.2.0 | 16.14 | 144.04 | 160.18 | NOTE | |
r-devel-linux-x86_64-debian-gcc | 1.2.0 | 15.14 | 106.85 | 121.99 | NOTE | |
r-devel-linux-x86_64-fedora-clang | 1.2.0 | 203.66 | NOTE | |||
r-devel-linux-x86_64-fedora-gcc | 1.2.0 | 189.82 | NOTE | |||
r-devel-windows-x86_64 | 1.2.0 | 17.00 | 513.00 | 530.00 | NOTE | |
r-patched-linux-x86_64 | 1.2.0 | 12.98 | 136.45 | 149.43 | NOTE | |
r-release-linux-x86_64 | 1.2.0 | 12.56 | 138.18 | 150.74 | NOTE | |
r-release-macos-arm64 | 1.2.0 | 55.00 | NOTE | |||
r-release-macos-x86_64 | 1.2.0 | 83.00 | NOTE | |||
r-release-windows-x86_64 | 1.2.0 | 18.00 | 372.00 | 390.00 | NOTE | |
r-oldrel-macos-arm64 | 1.2.0 | 55.00 | OK | |||
r-oldrel-macos-x86_64 | 1.2.0 | 136.00 | OK | |||
r-oldrel-windows-x86_64 | 1.2.0 | 22.00 | 466.00 | 488.00 | OK |
Version: 1.2.0
Check: Rd files
Result: NOTE
checkRd: (-1) hetTgen.Rd:16: Lost braces; missing escapes or markup?
16 | \item{info.type}{character. \code{AD}: allele depth value, {AD-tot}:total
| ^
Flavors: r-devel-linux-x86_64-debian-clang, r-devel-linux-x86_64-debian-gcc, r-devel-linux-x86_64-fedora-clang, r-devel-linux-x86_64-fedora-gcc, r-devel-windows-x86_64, r-patched-linux-x86_64, r-release-linux-x86_64, r-release-macos-arm64, r-release-macos-x86_64, r-release-windows-x86_64