Last updated on 2024-07-01 03:49:12 CEST.
Flavor | Version | Tinstall | Tcheck | Ttotal | Status | Flags |
---|---|---|---|---|---|---|
r-devel-linux-x86_64-debian-clang | 0.4.4 | 33.19 | 47.07 | 80.26 | NOTE | |
r-devel-linux-x86_64-debian-gcc | 0.4.4 | 20.21 | 35.21 | 55.42 | NOTE | |
r-devel-linux-x86_64-fedora-clang | 0.4.4 | 119.52 | NOTE | |||
r-devel-linux-x86_64-fedora-gcc | 0.4.4 | 123.56 | NOTE | |||
r-devel-windows-x86_64 | 0.4.4 | 31.00 | 75.00 | 106.00 | NOTE | |
r-patched-linux-x86_64 | 0.4.4 | 29.17 | 44.48 | 73.65 | NOTE | |
r-release-linux-x86_64 | 0.4.4 | 24.55 | 44.60 | 69.15 | NOTE | |
r-release-macos-arm64 | 0.4.4 | 37.00 | NOTE | |||
r-release-macos-x86_64 | 0.4.4 | 51.00 | NOTE | |||
r-release-windows-x86_64 | 0.4.4 | 28.00 | 76.00 | 104.00 | NOTE | |
r-oldrel-macos-arm64 | 0.4.4 | 43.00 | OK | |||
r-oldrel-macos-x86_64 | 0.4.4 | 83.00 | OK | |||
r-oldrel-windows-x86_64 | 0.4.4 | 35.00 | 88.00 | 123.00 | OK |
Version: 0.4.4
Check: Rd files
Result: NOTE
checkRd: (-1) qualpal.Rd:22-28: Lost braces in \itemize; meant \describe ?
checkRd: (-1) qualpal.Rd:30-50: Lost braces in \itemize; meant \describe ?
Flavors: r-devel-linux-x86_64-debian-clang, r-devel-linux-x86_64-debian-gcc, r-devel-linux-x86_64-fedora-clang, r-devel-linux-x86_64-fedora-gcc, r-devel-windows-x86_64, r-patched-linux-x86_64, r-release-linux-x86_64, r-release-macos-arm64, r-release-macos-x86_64, r-release-windows-x86_64