Last updated on 2024-07-01 03:49:12 CEST.
Flavor | Version | Tinstall | Tcheck | Ttotal | Status | Flags |
---|---|---|---|---|---|---|
r-devel-linux-x86_64-debian-clang | 0.0.5 | 2.34 | 21.98 | 24.32 | NOTE | |
r-devel-linux-x86_64-debian-gcc | 0.0.5 | 1.66 | 17.27 | 18.93 | NOTE | |
r-devel-linux-x86_64-fedora-clang | 0.0.5 | 32.79 | NOTE | |||
r-devel-linux-x86_64-fedora-gcc | 0.0.5 | 29.91 | NOTE | |||
r-devel-windows-x86_64 | 0.0.5 | 2.00 | 38.00 | 40.00 | NOTE | |
r-patched-linux-x86_64 | 0.0.5 | 1.98 | 21.19 | 23.17 | NOTE | |
r-release-linux-x86_64 | 0.0.5 | 2.05 | 21.61 | 23.66 | NOTE | |
r-release-macos-arm64 | 0.0.5 | 14.00 | NOTE | |||
r-release-macos-x86_64 | 0.0.5 | 23.00 | NOTE | |||
r-release-windows-x86_64 | 0.0.5 | 4.00 | 37.00 | 41.00 | NOTE | |
r-oldrel-macos-arm64 | 0.0.5 | 16.00 | NOTE | |||
r-oldrel-macos-x86_64 | 0.0.5 | 20.00 | NOTE | |||
r-oldrel-windows-x86_64 | 0.0.5 | 6.00 | 38.00 | 44.00 | NOTE |
Version: 0.0.5
Check: LazyData
Result: NOTE
'LazyData' is specified without a 'data' directory
Flavors: r-devel-linux-x86_64-debian-clang, r-devel-linux-x86_64-debian-gcc, r-devel-linux-x86_64-fedora-clang, r-devel-linux-x86_64-fedora-gcc, r-devel-windows-x86_64, r-patched-linux-x86_64, r-release-linux-x86_64, r-release-macos-arm64, r-release-macos-x86_64, r-release-windows-x86_64, r-oldrel-macos-arm64, r-oldrel-macos-x86_64, r-oldrel-windows-x86_64