Last updated on 2024-07-01 03:49:12 CEST.
Flavor | Version | Tinstall | Tcheck | Ttotal | Status | Flags |
---|---|---|---|---|---|---|
r-devel-linux-x86_64-debian-clang | 0.36 | 1002.89 | 264.69 | 1267.58 | OK | |
r-devel-linux-x86_64-debian-gcc | 0.36 | 649.42 | 198.07 | 847.49 | OK | |
r-devel-linux-x86_64-fedora-clang | 0.36 | 1825.02 | NOTE | |||
r-devel-linux-x86_64-fedora-gcc | 0.36 | 1844.23 | OK | |||
r-devel-windows-x86_64 | 0.36 | 722.00 | 260.00 | 982.00 | NOTE | |
r-patched-linux-x86_64 | 0.36 | 793.08 | 258.50 | 1051.58 | OK | |
r-release-linux-x86_64 | 0.36 | 794.02 | 259.60 | 1053.62 | OK | |
r-release-macos-arm64 | 0.36 | 295.00 | NOTE | |||
r-release-macos-x86_64 | 0.36 | 277.00 | NOTE | |||
r-release-windows-x86_64 | 0.36 | 720.00 | 257.00 | 977.00 | NOTE | |
r-oldrel-macos-arm64 | 0.36 | 290.00 | NOTE | |||
r-oldrel-macos-x86_64 | 0.36 | 323.00 | NOTE | |||
r-oldrel-windows-x86_64 | 0.36 | 889.00 | 331.00 | 1220.00 | NOTE |
Version: 0.36
Check: installed package size
Result: NOTE
installed size is 6.4Mb
sub-directories of 1Mb or more:
extdata 3.3Mb
libs 1.7Mb
Flavors: r-devel-linux-x86_64-fedora-clang, r-devel-windows-x86_64, r-release-macos-arm64, r-release-macos-x86_64, r-release-windows-x86_64, r-oldrel-macos-arm64, r-oldrel-macos-x86_64, r-oldrel-windows-x86_64