Last updated on 2024-07-01 03:49:12 CEST.
Flavor | Version | Tinstall | Tcheck | Ttotal | Status | Flags |
---|---|---|---|---|---|---|
r-devel-linux-x86_64-debian-clang | 1.1.2 | 130.77 | 138.60 | 269.37 | NOTE | |
r-devel-linux-x86_64-debian-gcc | 1.1.2 | 89.46 | 99.27 | 188.73 | NOTE | |
r-devel-linux-x86_64-fedora-clang | 1.1.2 | 373.39 | NOTE | |||
r-devel-linux-x86_64-fedora-gcc | 1.1.2 | 362.94 | NOTE | |||
r-devel-windows-x86_64 | 1.1.2 | 104.00 | 131.00 | 235.00 | NOTE | |
r-patched-linux-x86_64 | 1.1.2 | 117.36 | 131.06 | 248.42 | NOTE | |
r-release-linux-x86_64 | 1.1.2 | 103.19 | 129.63 | 232.82 | NOTE | |
r-release-macos-arm64 | 1.1.2 | 65.00 | NOTE | |||
r-release-macos-x86_64 | 1.1.2 | 96.00 | NOTE | |||
r-release-windows-x86_64 | 1.1.2 | 103.00 | 132.00 | 235.00 | NOTE | |
r-oldrel-macos-arm64 | 1.1.2 | 98.00 | NOTE | |||
r-oldrel-macos-x86_64 | 1.1.2 | 136.00 | NOTE | |||
r-oldrel-windows-x86_64 | 1.1.2 | 125.00 | 162.00 | 287.00 | OK |
Version: 1.1.2
Check: Rd files
Result: NOTE
checkRd: (-1) gmap.Rd:195: Lost braces in \itemize; \value handles \item{}{} directly
checkRd: (-1) gmap.Rd:196: Lost braces in \itemize; \value handles \item{}{} directly
checkRd: (-1) gmap.Rd:197: Lost braces in \itemize; \value handles \item{}{} directly
checkRd: (-1) gmap.Rd:198: Lost braces in \itemize; \value handles \item{}{} directly
checkRd: (-1) gmap.Rd:199: Lost braces in \itemize; \value handles \item{}{} directly
checkRd: (-1) gmap.Rd:200: Lost braces in \itemize; \value handles \item{}{} directly
checkRd: (-1) gmap.Rd:201: Lost braces in \itemize; \value handles \item{}{} directly
checkRd: (-1) gmap.Rd:202: Lost braces in \itemize; \value handles \item{}{} directly
checkRd: (-1) gmap.Rd:203: Lost braces in \itemize; \value handles \item{}{} directly
checkRd: (-1) gmap.Rd:204: Lost braces in \itemize; \value handles \item{}{} directly
checkRd: (-1) gmap.Rd:205: Lost braces in \itemize; \value handles \item{}{} directly
checkRd: (-1) gmap.Rd:206: Lost braces in \itemize; \value handles \item{}{} directly
Flavors: r-devel-linux-x86_64-debian-clang, r-devel-linux-x86_64-debian-gcc, r-devel-linux-x86_64-fedora-clang, r-devel-linux-x86_64-fedora-gcc, r-devel-windows-x86_64, r-patched-linux-x86_64, r-release-linux-x86_64, r-release-macos-arm64, r-release-macos-x86_64, r-release-windows-x86_64
Version: 1.1.2
Check: installed package size
Result: NOTE
installed size is 6.8Mb
sub-directories of 1Mb or more:
libs 5.9Mb
Flavors: r-devel-linux-x86_64-fedora-clang, r-release-macos-arm64, r-release-macos-x86_64, r-oldrel-macos-arm64, r-oldrel-macos-x86_64