Last updated on 2024-07-01 03:49:12 CEST.
Flavor | Version | Tinstall | Tcheck | Ttotal | Status | Flags |
---|---|---|---|---|---|---|
r-devel-linux-x86_64-debian-clang | 1.3.4 | 15.57 | 424.84 | 440.41 | OK | |
r-devel-linux-x86_64-debian-gcc | 1.3.4 | 12.32 | 344.84 | 357.16 | OK | |
r-devel-linux-x86_64-fedora-clang | 1.3.4 | 563.90 | NOTE | |||
r-devel-linux-x86_64-fedora-gcc | 1.3.4 | 588.54 | OK | |||
r-devel-windows-x86_64 | 1.3.4 | 15.00 | 330.00 | 345.00 | NOTE | |
r-patched-linux-x86_64 | 1.3.4 | 14.06 | 437.13 | 451.19 | OK | |
r-release-linux-x86_64 | 1.3.4 | 14.15 | 446.62 | 460.77 | OK | |
r-release-macos-arm64 | 1.3.4 | 215.00 | NOTE | |||
r-release-macos-x86_64 | 1.3.4 | 306.00 | NOTE | |||
r-release-windows-x86_64 | 1.3.4 | 16.00 | 335.00 | 351.00 | NOTE | |
r-oldrel-macos-arm64 | 1.3.4 | 235.00 | NOTE | |||
r-oldrel-macos-x86_64 | 1.3.4 | 375.00 | NOTE | |||
r-oldrel-windows-x86_64 | 1.3.4 | 20.00 | 407.00 | 427.00 | NOTE |
Version: 1.3.4
Check: installed package size
Result: NOTE
installed size is 5.9Mb
sub-directories of 1Mb or more:
doc 5.2Mb
Flavors: r-devel-linux-x86_64-fedora-clang, r-devel-windows-x86_64, r-release-macos-arm64, r-release-macos-x86_64, r-release-windows-x86_64, r-oldrel-macos-arm64, r-oldrel-macos-x86_64, r-oldrel-windows-x86_64