Last updated on 2024-07-01 03:49:12 CEST.
Flavor | Version | Tinstall | Tcheck | Ttotal | Status | Flags |
---|---|---|---|---|---|---|
r-devel-linux-x86_64-debian-clang | 1.0.1 | 2.91 | 73.92 | 76.83 | OK | |
r-devel-linux-x86_64-debian-gcc | 1.0.1 | 2.34 | 53.35 | 55.69 | OK | |
r-devel-linux-x86_64-fedora-clang | 1.0.1 | 97.03 | NOTE | |||
r-devel-linux-x86_64-fedora-gcc | 1.0.1 | 105.53 | NOTE | |||
r-devel-windows-x86_64 | 1.0.1 | 5.00 | 93.00 | 98.00 | OK | |
r-patched-linux-x86_64 | 1.0.1 | 2.27 | 69.68 | 71.95 | OK | |
r-release-linux-x86_64 | 1.0.1 | 2.18 | 71.43 | 73.61 | OK | |
r-release-macos-arm64 | 1.0.1 | 37.00 | OK | |||
r-release-macos-x86_64 | 1.0.1 | 117.00 | OK | |||
r-release-windows-x86_64 | 1.0.1 | 5.00 | 74.00 | 79.00 | OK | |
r-oldrel-macos-arm64 | 1.0.1 | 40.00 | OK | |||
r-oldrel-macos-x86_64 | 1.0.1 | 63.00 | OK | |||
r-oldrel-windows-x86_64 | 1.0.1 | 5.00 | 85.00 | 90.00 | OK |
Version: 1.0.1
Check: dependencies in R code
Result: NOTE
Namespaces in Imports field not imported from:
‘devtools’ ‘qpdf’
All declared Imports should be used.
Flavors: r-devel-linux-x86_64-fedora-clang, r-devel-linux-x86_64-fedora-gcc