Last updated on 2024-07-01 03:49:12 CEST.
Flavor | Version | Tinstall | Tcheck | Ttotal | Status | Flags |
---|---|---|---|---|---|---|
r-devel-linux-x86_64-debian-clang | 0.0.3.4 | 14.29 | 146.86 | 161.15 | NOTE | |
r-devel-linux-x86_64-debian-gcc | 0.0.3.4 | 12.96 | 108.87 | 121.83 | NOTE | |
r-devel-linux-x86_64-fedora-clang | 0.0.3.4 | 210.33 | NOTE | |||
r-devel-linux-x86_64-fedora-gcc | 0.0.3.4 | 219.86 | NOTE | |||
r-devel-windows-x86_64 | 0.0.3.4 | 17.00 | 152.00 | 169.00 | NOTE | |
r-patched-linux-x86_64 | 0.0.3.4 | 20.04 | 141.03 | 161.07 | NOTE | |
r-release-linux-x86_64 | 0.0.3.4 | 14.10 | 141.76 | 155.86 | NOTE | |
r-release-macos-arm64 | 0.0.3.4 | 72.00 | NOTE | |||
r-release-macos-x86_64 | 0.0.3.4 | 103.00 | NOTE | |||
r-release-windows-x86_64 | 0.0.3.4 | 17.00 | 150.00 | 167.00 | NOTE | |
r-oldrel-macos-arm64 | 0.0.3.4 | 84.00 | NOTE | |||
r-oldrel-macos-x86_64 | 0.0.3.4 | 171.00 | NOTE | |||
r-oldrel-windows-x86_64 | 0.0.3.4 | 21.00 | 185.00 | 206.00 | NOTE |
Version: 0.0.3.4
Check: package dependencies
Result: NOTE
Package suggested but not available for checking: ‘cmdstanr’
Flavors: r-devel-linux-x86_64-debian-clang, r-devel-linux-x86_64-debian-gcc, r-devel-linux-x86_64-fedora-clang, r-devel-linux-x86_64-fedora-gcc, r-devel-windows-x86_64, r-patched-linux-x86_64, r-release-linux-x86_64, r-release-macos-arm64, r-release-macos-x86_64, r-release-windows-x86_64, r-oldrel-macos-arm64, r-oldrel-macos-x86_64, r-oldrel-windows-x86_64