Last updated on 2024-07-01 03:49:12 CEST.
Flavor | Version | Tinstall | Tcheck | Ttotal | Status | Flags |
---|---|---|---|---|---|---|
r-devel-linux-x86_64-debian-clang | 1.0.1 | 3.64 | 62.36 | 66.00 | NOTE | |
r-devel-linux-x86_64-debian-gcc | 1.0.1 | 2.70 | 44.30 | 47.00 | NOTE | |
r-devel-linux-x86_64-fedora-clang | 1.0.1 | 83.88 | NOTE | |||
r-devel-linux-x86_64-fedora-gcc | 1.0.1 | 91.70 | NOTE | |||
r-devel-windows-x86_64 | 1.0.1 | 6.00 | 69.00 | 75.00 | NOTE | |
r-patched-linux-x86_64 | 1.0.1 | 4.01 | 58.21 | 62.22 | NOTE | |
r-release-linux-x86_64 | 1.0.1 | 2.96 | 56.51 | 59.47 | NOTE | |
r-release-macos-arm64 | 1.0.1 | 40.00 | NOTE | |||
r-release-macos-x86_64 | 1.0.1 | 52.00 | NOTE | |||
r-release-windows-x86_64 | 1.0.1 | 5.00 | 71.00 | 76.00 | NOTE | |
r-oldrel-macos-arm64 | 1.0.1 | 35.00 | NOTE | |||
r-oldrel-macos-x86_64 | 1.0.1 | 50.00 | NOTE | |||
r-oldrel-windows-x86_64 | 1.0.1 | 6.00 | 77.00 | 83.00 | NOTE |
Version: 1.0.1
Check: package dependencies
Result: NOTE
Package suggested but not available for checking: ‘rdt’
Flavors: r-devel-linux-x86_64-debian-clang, r-devel-linux-x86_64-debian-gcc, r-devel-linux-x86_64-fedora-clang, r-devel-linux-x86_64-fedora-gcc, r-devel-windows-x86_64, r-patched-linux-x86_64, r-release-linux-x86_64, r-release-macos-arm64, r-release-macos-x86_64, r-release-windows-x86_64, r-oldrel-macos-arm64, r-oldrel-macos-x86_64, r-oldrel-windows-x86_64