Last updated on 2024-07-01 03:49:12 CEST.
Flavor | Version | Tinstall | Tcheck | Ttotal | Status | Flags |
---|---|---|---|---|---|---|
r-devel-linux-x86_64-debian-clang | 0.2.1 | 25.68 | 270.79 | 296.47 | NOTE | |
r-devel-linux-x86_64-debian-gcc | 0.2.1 | 21.10 | 195.69 | 216.79 | NOTE | |
r-devel-linux-x86_64-fedora-clang | 0.2.1 | 362.61 | NOTE | |||
r-devel-linux-x86_64-fedora-gcc | 0.2.1 | 374.18 | NOTE | |||
r-devel-windows-x86_64 | 0.2.1 | 23.00 | 206.00 | 229.00 | NOTE | |
r-patched-linux-x86_64 | 0.2.1 | 17.00 | 251.74 | 268.74 | NOTE | |
r-release-linux-x86_64 | 0.2.1 | 16.44 | 257.56 | 274.00 | NOTE | |
r-release-macos-arm64 | 0.2.1 | 112.00 | NOTE | |||
r-release-macos-x86_64 | 0.2.1 | 167.00 | NOTE | |||
r-release-windows-x86_64 | 0.2.1 | 23.00 | 208.00 | 231.00 | NOTE | |
r-oldrel-macos-arm64 | 0.2.1 | 99.00 | OK | |||
r-oldrel-macos-x86_64 | 0.2.1 | 168.00 | OK | |||
r-oldrel-windows-x86_64 | 0.2.1 | 28.00 | 248.00 | 276.00 | OK |
Version: 0.2.1
Check: Rd files
Result: NOTE
checkRd: (-1) impute_plot.Rd:32: Lost braces; missing escapes or markup?
32 | \item{global}{Logical. If \code{TRUE} ({default}), a global density plot is
| ^
Flavors: r-devel-linux-x86_64-debian-clang, r-devel-linux-x86_64-debian-gcc, r-devel-linux-x86_64-fedora-clang, r-devel-linux-x86_64-fedora-gcc, r-devel-windows-x86_64, r-patched-linux-x86_64, r-release-linux-x86_64, r-release-macos-arm64, r-release-macos-x86_64, r-release-windows-x86_64