Last updated on 2024-07-01 03:49:12 CEST.
Flavor | Version | Tinstall | Tcheck | Ttotal | Status | Flags |
---|---|---|---|---|---|---|
r-devel-linux-x86_64-debian-clang | 2.1.3 | 7.95 | 61.74 | 69.69 | OK | |
r-devel-linux-x86_64-debian-gcc | 2.1.3 | 6.09 | 45.27 | 51.36 | OK | |
r-devel-linux-x86_64-fedora-clang | 2.1.3 | 84.04 | NOTE | |||
r-devel-linux-x86_64-fedora-gcc | 2.1.3 | 78.44 | NOTE | |||
r-devel-windows-x86_64 | 2.1.3 | 8.00 | 66.00 | 74.00 | OK | |
r-patched-linux-x86_64 | 2.1.3 | 6.48 | 56.53 | 63.01 | OK | |
r-release-linux-x86_64 | 2.1.3 | 4.67 | 56.84 | 61.51 | OK | |
r-release-macos-arm64 | 2.1.3 | 27.00 | OK | |||
r-release-macos-x86_64 | 2.1.3 | 65.00 | OK | |||
r-release-windows-x86_64 | 2.1.3 | 8.00 | 66.00 | 74.00 | OK | |
r-oldrel-macos-arm64 | 2.1.3 | 28.00 | OK | |||
r-oldrel-macos-x86_64 | 2.1.3 | 37.00 | OK | |||
r-oldrel-windows-x86_64 | 2.1.3 | 9.00 | 75.00 | 84.00 | OK |
Version: 2.1.3
Check: dependencies in R code
Result: NOTE
Namespace in Imports field not imported from: ‘methods’
All declared Imports should be used.
Flavors: r-devel-linux-x86_64-fedora-clang, r-devel-linux-x86_64-fedora-gcc