Last updated on 2024-07-01 03:49:12 CEST.
Flavor | Version | Tinstall | Tcheck | Ttotal | Status | Flags |
---|---|---|---|---|---|---|
r-devel-linux-x86_64-debian-clang | 1.3.2 | 224.22 | 218.59 | 442.81 | OK | |
r-devel-linux-x86_64-debian-gcc | 1.3.2 | 161.93 | 527.98 | 689.91 | OK | |
r-devel-linux-x86_64-fedora-clang | 1.3.2 | 642.18 | OK | |||
r-devel-linux-x86_64-fedora-gcc | 1.3.2 | 792.39 | OK | |||
r-devel-windows-x86_64 | 1.3.2 | 175.00 | 192.00 | 367.00 | OK | |
r-patched-linux-x86_64 | 1.3.2 | 191.67 | 451.12 | 642.79 | OK | |
r-release-linux-x86_64 | 1.3.2 | 191.59 | 462.24 | 653.83 | OK | |
r-release-macos-arm64 | 1.3.2 | 134.00 | NOTE | |||
r-release-macos-x86_64 | 1.3.2 | 186.00 | NOTE | |||
r-release-windows-x86_64 | 1.3.2 | 173.00 | 193.00 | 366.00 | OK | |
r-oldrel-macos-arm64 | 1.3.2 | 150.00 | NOTE | |||
r-oldrel-macos-x86_64 | 1.3.2 | 274.00 | NOTE | |||
r-oldrel-windows-x86_64 | 1.3.2 | 207.00 | 230.00 | 437.00 | OK |
Version: 1.3.2
Check: installed package size
Result: NOTE
installed size is 14.9Mb
sub-directories of 1Mb or more:
doc 1.4Mb
libs 12.8Mb
Flavors: r-release-macos-arm64, r-release-macos-x86_64, r-oldrel-macos-arm64, r-oldrel-macos-x86_64