Last updated on 2024-07-01 03:49:12 CEST.
Flavor | Version | Tinstall | Tcheck | Ttotal | Status | Flags |
---|---|---|---|---|---|---|
r-devel-linux-x86_64-debian-clang | 5.0.0 | 18.63 | 266.63 | 285.26 | OK | |
r-devel-linux-x86_64-debian-gcc | 5.0.0 | 15.56 | 190.96 | 206.52 | OK | |
r-devel-linux-x86_64-fedora-clang | 5.0.0 | 344.90 | NOTE | |||
r-devel-linux-x86_64-fedora-gcc | 5.0.0 | 349.48 | OK | |||
r-devel-windows-x86_64 | 5.0.0 | 18.00 | 208.00 | 226.00 | OK | |
r-patched-linux-x86_64 | 5.0.0 | 18.23 | 253.31 | 271.54 | OK | |
r-release-linux-x86_64 | 5.0.0 | 16.70 | 248.03 | 264.73 | OK | |
r-release-macos-arm64 | 5.0.0 | 103.00 | OK | |||
r-release-macos-x86_64 | 5.0.0 | 155.00 | OK | |||
r-release-windows-x86_64 | 5.0.0 | 18.00 | 236.00 | 254.00 | OK | |
r-oldrel-macos-arm64 | 5.0.0 | 98.00 | OK | |||
r-oldrel-macos-x86_64 | 5.0.0 | 231.00 | OK | |||
r-oldrel-windows-x86_64 | 5.0.0 | 22.00 | 251.00 | 273.00 | OK |
Version: 5.0.0
Check: Rd cross-references
Result: NOTE
Undeclared package ‘sp’ in Rd xrefs
Flavor: r-devel-linux-x86_64-fedora-clang