Last updated on 2024-07-01 03:49:11 CEST.
Flavor | Version | Tinstall | Tcheck | Ttotal | Status | Flags |
---|---|---|---|---|---|---|
r-devel-linux-x86_64-debian-clang | 1.2.0 | 4.45 | 43.58 | 48.03 | OK | |
r-devel-linux-x86_64-debian-gcc | 1.2.0 | 3.79 | 33.36 | 37.15 | OK | |
r-devel-linux-x86_64-fedora-clang | 1.2.0 | 64.51 | NOTE | |||
r-devel-linux-x86_64-fedora-gcc | 1.2.0 | 60.52 | NOTE | |||
r-devel-windows-x86_64 | 1.2.0 | 6.00 | 58.00 | 64.00 | OK | |
r-patched-linux-x86_64 | 1.2.0 | 3.47 | 41.67 | 45.14 | OK | |
r-release-linux-x86_64 | 1.2.0 | 3.41 | 41.63 | 45.04 | OK | |
r-release-macos-arm64 | 1.2.0 | 22.00 | OK | |||
r-release-macos-x86_64 | 1.2.0 | 31.00 | OK | |||
r-release-windows-x86_64 | 1.2.0 | 6.00 | 57.00 | 63.00 | OK | |
r-oldrel-macos-arm64 | 1.2.0 | 27.00 | OK | |||
r-oldrel-macos-x86_64 | 1.2.0 | 59.00 | OK | |||
r-oldrel-windows-x86_64 | 1.2.0 | 8.00 | 63.00 | 71.00 | OK |
Version: 1.2.0
Check: dependencies in R code
Result: NOTE
Namespaces in Imports field not imported from:
‘bslib’ ‘shinyjs’
All declared Imports should be used.
Flavors: r-devel-linux-x86_64-fedora-clang, r-devel-linux-x86_64-fedora-gcc