Last updated on 2024-07-01 03:49:11 CEST.
Flavor | Version | Tinstall | Tcheck | Ttotal | Status | Flags |
---|---|---|---|---|---|---|
r-devel-linux-x86_64-debian-clang | 0.2.4 | 8.88 | 559.53 | 568.41 | OK | |
r-devel-linux-x86_64-debian-gcc | 0.2.4 | 7.69 | 391.86 | 399.55 | OK | |
r-devel-linux-x86_64-fedora-clang | 0.2.4 | 693.96 | NOTE | |||
r-devel-linux-x86_64-fedora-gcc | 0.2.4 | 669.81 | OK | |||
r-devel-windows-x86_64 | 0.2.4 | 9.00 | 444.00 | 453.00 | NOTE | |
r-patched-linux-x86_64 | 0.2.4 | 7.11 | 533.78 | 540.89 | OK | |
r-release-linux-x86_64 | 0.2.4 | 5.82 | 525.33 | 531.15 | OK | |
r-release-macos-arm64 | 0.2.4 | 190.00 | NOTE | |||
r-release-macos-x86_64 | 0.2.4 | 299.00 | NOTE | |||
r-release-windows-x86_64 | 0.2.4 | 10.00 | 444.00 | 454.00 | NOTE | |
r-oldrel-macos-arm64 | 0.2.4 | 192.00 | NOTE | |||
r-oldrel-macos-x86_64 | 0.2.4 | 487.00 | NOTE | |||
r-oldrel-windows-x86_64 | 0.2.4 | 11.00 | 535.00 | 546.00 | NOTE |
Version: 0.2.4
Check: installed package size
Result: NOTE
installed size is 11.0Mb
sub-directories of 1Mb or more:
doc 10.5Mb
Flavors: r-devel-linux-x86_64-fedora-clang, r-devel-windows-x86_64, r-release-macos-arm64, r-release-macos-x86_64, r-release-windows-x86_64, r-oldrel-macos-arm64, r-oldrel-macos-x86_64, r-oldrel-windows-x86_64