Last updated on 2024-07-01 03:49:11 CEST.
Flavor | Version | Tinstall | Tcheck | Ttotal | Status | Flags |
---|---|---|---|---|---|---|
r-devel-linux-x86_64-debian-clang | 1.3 | 50.46 | 110.21 | 160.67 | OK | |
r-devel-linux-x86_64-debian-gcc | 1.3 | 34.13 | 75.68 | 109.81 | OK | |
r-devel-linux-x86_64-fedora-clang | 1.3 | 207.26 | OK | |||
r-devel-linux-x86_64-fedora-gcc | 1.3 | 204.96 | OK | |||
r-devel-windows-x86_64 | 1.3 | 40.00 | 104.00 | 144.00 | OK | |
r-patched-linux-x86_64 | 1.3 | 41.80 | 98.86 | 140.66 | OK | |
r-release-linux-x86_64 | 1.3 | 37.77 | 96.82 | 134.59 | OK | |
r-release-macos-arm64 | 1.3 | 57.00 | OK | |||
r-release-macos-x86_64 | 1.3 | 81.00 | NOTE | |||
r-release-windows-x86_64 | 1.3 | 40.00 | 105.00 | 145.00 | OK | |
r-oldrel-macos-arm64 | 1.3 | 61.00 | OK | |||
r-oldrel-macos-x86_64 | 1.3 | 182.00 | NOTE | |||
r-oldrel-windows-x86_64 | 1.3 | 49.00 | 127.00 | 176.00 | OK |
Version: 1.3
Check: installed package size
Result: NOTE
installed size is 5.0Mb
sub-directories of 1Mb or more:
libs 3.3Mb
Flavors: r-release-macos-x86_64, r-oldrel-macos-x86_64