Last updated on 2024-07-01 03:49:11 CEST.
Flavor | Version | Tinstall | Tcheck | Ttotal | Status | Flags |
---|---|---|---|---|---|---|
r-devel-linux-x86_64-debian-clang | 1.1.0.1 | 8.05 | 226.42 | 234.47 | OK | |
r-devel-linux-x86_64-debian-gcc | 1.1.0.1 | 8.29 | 154.19 | 162.48 | OK | |
r-devel-linux-x86_64-fedora-clang | 1.1.0.1 | 282.15 | NOTE | |||
r-devel-linux-x86_64-fedora-gcc | 1.1.0.1 | 282.58 | OK | |||
r-devel-windows-x86_64 | 1.1.0.1 | 10.00 | 194.00 | 204.00 | NOTE | |
r-patched-linux-x86_64 | 1.1.0.1 | 10.54 | 213.78 | 224.32 | OK | |
r-release-linux-x86_64 | 1.1.0.1 | 8.17 | 210.75 | 218.92 | OK | |
r-release-macos-arm64 | 1.1.0.1 | 63.00 | NOTE | |||
r-release-macos-x86_64 | 1.1.0.1 | 127.00 | NOTE | |||
r-release-windows-x86_64 | 1.1.0.1 | 10.00 | 150.00 | 160.00 | NOTE | |
r-oldrel-macos-arm64 | 1.1.0.1 | 70.00 | NOTE | |||
r-oldrel-macos-x86_64 | 1.1.0.1 | 168.00 | NOTE | |||
r-oldrel-windows-x86_64 | 1.1.0.1 | 12.00 | 187.00 | 199.00 | NOTE |
Version: 1.1.0.1
Check: installed package size
Result: NOTE
installed size is 6.7Mb
sub-directories of 1Mb or more:
doc 6.2Mb
Flavors: r-devel-linux-x86_64-fedora-clang, r-devel-windows-x86_64, r-release-macos-arm64, r-release-macos-x86_64, r-release-windows-x86_64, r-oldrel-macos-arm64, r-oldrel-macos-x86_64, r-oldrel-windows-x86_64