Last updated on 2024-07-01 03:49:11 CEST.
Flavor | Version | Tinstall | Tcheck | Ttotal | Status | Flags |
---|---|---|---|---|---|---|
r-devel-linux-x86_64-debian-clang | 0.1.3 | 10.60 | 124.46 | 135.06 | OK | |
r-devel-linux-x86_64-debian-gcc | 0.1.3 | 8.54 | 88.62 | 97.16 | OK | |
r-devel-linux-x86_64-fedora-clang | 0.1.3 | 162.73 | OK | |||
r-devel-linux-x86_64-fedora-gcc | 0.1.3 | 167.99 | OK | |||
r-devel-windows-x86_64 | 0.1.3 | 9.00 | 104.00 | 113.00 | OK | |
r-patched-linux-x86_64 | 0.1.3 | 10.04 | 114.04 | 124.08 | OK | |
r-release-linux-x86_64 | 0.1.3 | 8.01 | 113.10 | 121.11 | OK | |
r-release-macos-arm64 | 0.1.3 | 50.00 | OK | |||
r-release-macos-x86_64 | 0.1.3 | 80.00 | OK | |||
r-release-windows-x86_64 | 0.1.3 | 9.00 | 106.00 | 115.00 | OK | |
r-oldrel-macos-arm64 | 0.1.3 | 53.00 | OK | |||
r-oldrel-macos-x86_64 | 0.1.3 | 82.00 | NOTE | |||
r-oldrel-windows-x86_64 | 0.1.3 | 13.00 | 126.00 | 139.00 | OK |
Version: 0.1.3
Check: package dependencies
Result: NOTE
Package suggested but not available for checking: ‘lme4’
Flavor: r-oldrel-macos-x86_64