Last updated on 2024-07-02 15:50:48 CEST.
Flavor | Version | Tinstall | Tcheck | Ttotal | Status | Flags |
---|---|---|---|---|---|---|
r-devel-linux-x86_64-debian-clang | 6.0 | 11.88 | 84.43 | 96.31 | OK | |
r-devel-linux-x86_64-debian-gcc | 6.0 | 6.09 | 60.72 | 66.81 | OK | |
r-devel-linux-x86_64-fedora-clang | 6.0 | 116.28 | NOTE | |||
r-devel-linux-x86_64-fedora-gcc | 6.0 | 106.80 | OK | |||
r-devel-windows-x86_64 | 6.0 | 10.00 | 80.00 | 90.00 | OK | |
r-patched-linux-x86_64 | 6.0 | 8.92 | 77.91 | 86.83 | OK | |
r-release-linux-x86_64 | 6.0 | 6.31 | 79.77 | 86.08 | OK | |
r-release-macos-arm64 | 6.0 | 33.00 | OK | |||
r-release-macos-x86_64 | 6.0 | 50.00 | OK | |||
r-release-windows-x86_64 | 6.0 | 12.00 | 79.00 | 91.00 | OK | |
r-oldrel-macos-arm64 | 6.0 | 35.00 | OK | |||
r-oldrel-macos-x86_64 | 6.0 | 86.00 | OK | |||
r-oldrel-windows-x86_64 | 6.0 | 13.00 | 95.00 | 108.00 | OK |
Version: 6.0
Check: Rd cross-references
Result: NOTE
Undeclared packages ‘fracdiff’, ‘fGarch’, ‘tseries’ in Rd xrefs
Flavor: r-devel-linux-x86_64-fedora-clang